CRAN Package Check Results for Package childesr

Last updated on 2022-01-27 15:53:29 CET.

Flavor Version Tinstall Tcheck Ttotal Status Flags
r-devel-linux-x86_64-debian-clang 0.2.2 2.18 45.63 47.81 OK
r-devel-linux-x86_64-debian-gcc 0.2.2 1.90 34.97 36.87 OK
r-devel-linux-x86_64-fedora-clang 0.2.3 56.27 NOTE
r-devel-linux-x86_64-fedora-gcc 0.2.3 46.38 NOTE
r-devel-windows-x86_64-new-UL 0.2.3 22.00 109.00 131.00 OK
r-devel-windows-x86_64-new-TK 0.2.2 NOTE
r-patched-linux-x86_64 0.2.2 2.48 42.73 45.21 OK
r-release-linux-x86_64 0.2.2 1.86 43.00 44.86 OK
r-release-macos-arm64 0.2.2 NOTE
r-release-macos-x86_64 0.2.2 NOTE
r-release-windows-ix86+x86_64 0.2.2 6.00 91.00 97.00 OK
r-oldrel-macos-x86_64 0.2.2 NOTE
r-oldrel-windows-ix86+x86_64 0.2.2 6.00 92.00 98.00 OK

Check Details

Version: 0.2.3
Check: dependencies in R code
Result: NOTE
    Namespace in Imports field not imported from: ‘dbplyr’
     All declared Imports should be used.
Flavors: r-devel-linux-x86_64-fedora-clang, r-devel-linux-x86_64-fedora-gcc

Version: 0.2.2
Check: dependencies in R code
Result: NOTE
    Namespace in Imports field not imported from: 'dbplyr'
     All declared Imports should be used.
Flavors: r-devel-windows-x86_64-new-TK, r-release-macos-arm64, r-release-macos-x86_64, r-oldrel-macos-x86_64