CRAN Package Check Results for Package childesr

Last updated on 2024-07-19 03:57:17 CEST.

Flavor Version Tinstall Tcheck Ttotal Status Flags
r-devel-linux-x86_64-debian-clang 0.2.3 2.91 43.29 46.20 OK
r-devel-linux-x86_64-debian-gcc 0.2.3 2.13 32.54 34.67 OK
r-devel-linux-x86_64-fedora-clang 0.2.3 56.98 NOTE
r-devel-linux-x86_64-fedora-gcc 0.2.3 65.96 NOTE
r-devel-windows-x86_64 0.2.3 5.00 88.00 93.00 OK
r-patched-linux-x86_64 0.2.3 2.11 40.12 42.23 OK
r-release-linux-x86_64 0.2.3 2.83 41.01 43.84 OK
r-release-macos-arm64 0.2.3 58.00 OK
r-release-macos-x86_64 0.2.3 72.00 OK
r-release-windows-x86_64 0.2.3 4.00 92.00 96.00 OK
r-oldrel-macos-arm64 0.2.3 71.00 OK
r-oldrel-macos-x86_64 0.2.3 65.00 OK
r-oldrel-windows-x86_64 0.2.3 4.00 88.00 92.00 OK

Check Details

Version: 0.2.3
Check: dependencies in R code
Result: NOTE Namespace in Imports field not imported from: ‘dbplyr’ All declared Imports should be used. Flavors: r-devel-linux-x86_64-fedora-clang, r-devel-linux-x86_64-fedora-gcc