CRAN Package Check Results for Package chess

Last updated on 2022-01-23 02:56:06 CET.

Flavor Version Tinstall Tcheck Ttotal Status Flags
r-devel-linux-x86_64-debian-clang 1.0.1 5.06 77.75 82.81 NOTE
r-devel-linux-x86_64-debian-gcc 1.0.1 4.59 59.71 64.30 NOTE
r-devel-linux-x86_64-fedora-clang 1.0.1 105.78 NOTE
r-devel-linux-x86_64-fedora-gcc 1.0.1 94.53 NOTE
r-devel-windows-x86_64-new-UL 1.0.1 49.00 103.00 152.00 NOTE
r-devel-windows-x86_64-new-TK 1.0.1 NOTE
r-patched-linux-x86_64 1.0.1 6.39 75.99 82.38 NOTE
r-release-linux-x86_64 1.0.1 6.81 75.94 82.75 NOTE
r-release-macos-arm64 1.0.1 NOTE
r-release-macos-x86_64 1.0.1 NOTE
r-release-windows-ix86+x86_64 1.0.1 16.00 93.00 109.00 NOTE
r-oldrel-macos-x86_64 1.0.1 OK
r-oldrel-windows-ix86+x86_64 1.0.1 16.00 92.00 108.00 OK

Check Details

Version: 1.0.1
Check: LazyData
Result: NOTE
     'LazyData' is specified without a 'data' directory
Flavors: r-devel-linux-x86_64-debian-clang, r-devel-linux-x86_64-debian-gcc, r-devel-linux-x86_64-fedora-clang, r-devel-linux-x86_64-fedora-gcc, r-devel-windows-x86_64-new-UL, r-devel-windows-x86_64-new-TK, r-patched-linux-x86_64, r-release-linux-x86_64, r-release-macos-arm64, r-release-macos-x86_64, r-release-windows-ix86+x86_64