CRAN Package Check Results for Package chess

Last updated on 2022-09-30 04:59:05 CEST.

Flavor Version Tinstall Tcheck Ttotal Status Flags
r-devel-linux-x86_64-debian-clang 1.0.1 6.55 78.85 85.40 NOTE
r-devel-linux-x86_64-debian-gcc 1.0.1 5.51 60.11 65.62 NOTE
r-devel-linux-x86_64-fedora-clang 1.0.1 124.63 NOTE
r-devel-linux-x86_64-fedora-gcc 1.0.1 113.31 NOTE
r-devel-windows-x86_64 1.0.1 33.00 110.00 143.00 NOTE
r-patched-linux-x86_64 1.0.1 7.00 75.37 82.37 NOTE
r-release-linux-x86_64 1.0.1 5.68 75.19 80.87 NOTE
r-release-macos-arm64 1.0.1 32.00 NOTE
r-release-macos-x86_64 1.0.1 52.00 NOTE
r-release-windows-x86_64 1.0.1 33.00 109.00 142.00 NOTE
r-oldrel-macos-arm64 1.0.1 35.00 NOTE
r-oldrel-macos-x86_64 1.0.1 73.00 NOTE
r-oldrel-windows-ix86+x86_64 1.0.1 17.00 101.00 118.00 NOTE

Check Details

Version: 1.0.1
Check: LazyData
Result: NOTE
     'LazyData' is specified without a 'data' directory
Flavors: r-devel-linux-x86_64-debian-clang, r-devel-linux-x86_64-debian-gcc, r-devel-linux-x86_64-fedora-clang, r-devel-linux-x86_64-fedora-gcc, r-devel-windows-x86_64, r-patched-linux-x86_64, r-release-linux-x86_64, r-release-macos-arm64, r-release-macos-x86_64, r-release-windows-x86_64, r-oldrel-macos-arm64, r-oldrel-macos-x86_64, r-oldrel-windows-ix86+x86_64