CRAN Package Check Results for Package cheese

Last updated on 2024-07-20 03:48:58 CEST.

Flavor Version Tinstall Tcheck Ttotal Status Flags
r-devel-linux-x86_64-debian-clang 0.1.2 6.02 134.55 140.57 OK
r-devel-linux-x86_64-debian-gcc 0.1.2 4.31 100.11 104.42 OK
r-devel-linux-x86_64-fedora-clang 0.1.2 170.21 OK
r-devel-linux-x86_64-fedora-gcc 0.1.2 172.58 OK
r-devel-windows-x86_64 0.1.2 7.00 111.00 118.00 NOTE
r-patched-linux-x86_64 0.1.2 11.33 124.54 135.87 OK
r-release-linux-x86_64 0.1.2 3.48 124.60 128.08 OK
r-release-macos-arm64 0.1.2 56.00 OK
r-release-macos-x86_64 0.1.2 91.00 OK
r-release-windows-x86_64 0.1.2 6.00 110.00 116.00 OK
r-oldrel-macos-arm64 0.1.2 67.00 OK
r-oldrel-macos-x86_64 0.1.2 95.00 OK
r-oldrel-windows-x86_64 0.1.2 7.00 139.00 146.00 OK

Check Details

Version: 0.1.2
Check: Rd cross-references
Result: NOTE Found the following Rd file(s) with Rd \link{} targets missing package anchors: pipe.Rd: magrittr Please provide package anchors for all Rd \link{} targets not in the package itself and the base packages. Flavor: r-devel-windows-x86_64