CRAN Package Check Results for Package cheem

Last updated on 2022-10-03 04:59:23 CEST.

Flavor Version Tinstall Tcheck Ttotal Status Flags
r-devel-linux-x86_64-debian-clang 0.2.0 38.28 159.26 197.54 WARN
r-devel-linux-x86_64-debian-gcc 0.2.0 32.08 127.03 159.11 OK
r-devel-linux-x86_64-fedora-clang 0.2.0 280.28 WARN
r-devel-linux-x86_64-fedora-gcc 0.2.0 255.99 NOTE
r-devel-windows-x86_64 0.2.0 146.00 220.00 366.00 OK
r-patched-linux-x86_64 0.2.0 24.64 149.23 173.87 OK
r-release-linux-x86_64 0.2.0 25.54 145.32 170.86 OK
r-release-macos-arm64 0.2.0 77.00 NOTE
r-release-macos-x86_64 0.2.0 121.00 NOTE
r-release-windows-x86_64 0.2.0 96.00 211.00 307.00 OK
r-oldrel-macos-arm64 0.2.0 87.00 NOTE
r-oldrel-macos-x86_64 0.2.0 89.00 NOTE
r-oldrel-windows-ix86+x86_64 0.2.0 96.00 320.00 416.00 OK

Additional issues

clang14

Check Details

Version: 0.2.0
Check: whether package can be installed
Result: WARN
    Found the following significant warnings:
     treeshap.cpp:148:9: warning: use of bitwise '|' with boolean operands [-Wbitwise-instead-of-logical]
Flavors: r-devel-linux-x86_64-debian-clang, r-devel-linux-x86_64-fedora-clang

Version: 0.2.0
Check: dependencies in R code
Result: NOTE
    Namespaces in Imports field not imported from:
     ‘DT’ ‘shinycssloaders’ ‘shinythemes’
     All declared Imports should be used.
Flavors: r-devel-linux-x86_64-fedora-clang, r-devel-linux-x86_64-fedora-gcc, r-release-macos-arm64, r-release-macos-x86_64, r-oldrel-macos-arm64, r-oldrel-macos-x86_64