CRAN Package Check Results for Package checkpoint

Last updated on 2022-01-23 02:56:06 CET.

Flavor Version Tinstall Tcheck Ttotal Status Flags
r-devel-linux-x86_64-debian-clang 1.0.1 2.24 35.62 37.86 OK
r-devel-linux-x86_64-debian-gcc 1.0.1 1.94 28.39 30.33 OK
r-devel-linux-x86_64-fedora-clang 1.0.1 48.07 OK
r-devel-linux-x86_64-fedora-gcc 1.0.1 36.40 OK
r-devel-windows-x86_64-new-UL 1.0.1 32.00 56.00 88.00 OK
r-devel-windows-x86_64-new-TK 1.0.1 OK
r-patched-linux-x86_64 1.0.1 6.86 34.16 41.02 OK
r-release-linux-x86_64 1.0.1 1.64 34.61 36.25 OK
r-release-macos-arm64 1.0.1 OK
r-release-macos-x86_64 1.0.1 WARN --as-cran
r-release-windows-ix86+x86_64 1.0.1 6.00 44.00 50.00 OK
r-oldrel-macos-x86_64 1.0.0 OK
r-oldrel-windows-ix86+x86_64 1.0.1 6.00 45.00 51.00 OK

Check Details

Version: 1.0.1
Flags: --as-cran
Check: CRAN incoming feasibility
Result: WARN
    Maintainer: ‘Folashade Daniel <fdaniel@microsoft.com>’
    
    Insufficient package version (submitted: 1.0.1, existing: 1.0.1)
    
    Days since last update: 0
Flavor: r-release-macos-x86_64

Version: 1.0.1
Flags: --as-cran
Check: top-level files
Result: NOTE
    Files ‘README.md’ or ‘NEWS.md’ cannot be checked without ‘pandoc’ being installed.
Flavor: r-release-macos-x86_64