CRAN Package Check Results for Package cheatR

Last updated on 2022-01-23 02:56:06 CET.

Flavor Version Tinstall Tcheck Ttotal Status Flags
r-devel-linux-x86_64-debian-clang 1.2.1 3.03 49.70 52.73 NOTE
r-devel-linux-x86_64-debian-gcc 1.2.1 2.85 38.24 41.09 NOTE
r-devel-linux-x86_64-fedora-clang 1.2.1 66.40 NOTE
r-devel-linux-x86_64-fedora-gcc 1.2.1 53.42 NOTE
r-devel-windows-x86_64-new-UL 1.2.1 16.00 79.00 95.00 NOTE
r-devel-windows-x86_64-new-TK 1.2.1 NOTE
r-patched-linux-x86_64 1.2.1 8.17 47.00 55.17 NOTE
r-release-linux-x86_64 1.2.1 3.63 46.99 50.62 NOTE
r-release-macos-arm64 1.2.1 NOTE
r-release-macos-x86_64 1.2.1 NOTE
r-release-windows-ix86+x86_64 1.2.1 9.00 62.00 71.00 NOTE
r-oldrel-macos-x86_64 1.2.1 OK
r-oldrel-windows-ix86+x86_64 1.2.1 9.00 63.00 72.00 OK

Check Details

Version: 1.2.1
Check: LazyData
Result: NOTE
     'LazyData' is specified without a 'data' directory
Flavors: r-devel-linux-x86_64-debian-clang, r-devel-linux-x86_64-debian-gcc, r-devel-linux-x86_64-fedora-clang, r-devel-linux-x86_64-fedora-gcc, r-devel-windows-x86_64-new-UL, r-devel-windows-x86_64-new-TK, r-patched-linux-x86_64, r-release-linux-x86_64, r-release-macos-arm64, r-release-macos-x86_64, r-release-windows-ix86+x86_64