Last updated on 2022-07-02 15:52:15 CEST.
Flavor | Version | Tinstall | Tcheck | Ttotal | Status | Flags |
---|---|---|---|---|---|---|
r-devel-linux-x86_64-debian-clang | 3.3 | 3.55 | 30.36 | 33.91 | OK | |
r-devel-linux-x86_64-debian-gcc | 3.3 | 2.75 | 23.73 | 26.48 | OK | |
r-devel-linux-x86_64-fedora-clang | 3.3 | 51.04 | NOTE | |||
r-devel-linux-x86_64-fedora-gcc | 3.3 | 49.93 | OK | |||
r-devel-windows-x86_64 | 3.3 | 35.00 | 57.00 | 92.00 | OK | |
r-patched-linux-x86_64 | 3.3 | 3.73 | 29.02 | 32.75 | OK | |
r-release-linux-x86_64 | 3.3 | 3.39 | 29.36 | 32.75 | OK | |
r-release-macos-arm64 | 3.3 | 16.00 | OK | |||
r-release-macos-x86_64 | 3.3 | 25.00 | OK | |||
r-release-windows-x86_64 | 3.3 | 31.00 | 60.00 | 91.00 | OK | |
r-oldrel-macos-arm64 | 3.3 | 30.00 | OK | |||
r-oldrel-macos-x86_64 | 3.3 | 30.00 | OK | |||
r-oldrel-windows-ix86+x86_64 | 3.3 | 8.00 | 51.00 | 59.00 | OK |
Version: 3.3
Check: Rd cross-references
Result: NOTE
Undeclared packages ‘dplyr’, ‘matrixStats’, ‘filesstrings’, ‘pracma’, ‘sf’, ‘rgeos’ in Rd xrefs
Flavor: r-devel-linux-x86_64-fedora-clang