CRAN Package Check Results for Package cghRA

Last updated on 2022-01-28 15:53:06 CET.

Flavor Version Tinstall Tcheck Ttotal Status Flags
r-devel-linux-x86_64-debian-clang 1.6.0 14.58 82.25 96.83 OK
r-devel-linux-x86_64-debian-gcc 1.6.0 11.21 62.63 73.84 OK
r-devel-linux-x86_64-fedora-clang 1.6.0 118.91 OK
r-devel-linux-x86_64-fedora-gcc 1.6.0 107.32 OK
r-devel-windows-x86_64-new-UL 1.6.0 73.00 107.00 180.00 OK
r-devel-windows-x86_64-new-TK 1.6.0 OK
r-patched-linux-x86_64 1.6.0 14.65 79.15 93.80 OK
r-release-linux-x86_64 1.6.0 10.98 78.40 89.38 OK
r-release-macos-arm64 1.6.0 NOTE
r-release-macos-x86_64 1.6.0 NOTE
r-release-windows-ix86+x86_64 1.6.0 25.00 83.00 108.00 OK
r-oldrel-macos-x86_64 1.6.0 NOTE
r-oldrel-windows-ix86+x86_64 1.6.0 20.00 107.00 127.00 OK

Check Details

Version: 1.6.0
Check: package dependencies
Result: NOTE
    Package suggested but not available for checking: ‘GLAD’
Flavors: r-release-macos-arm64, r-release-macos-x86_64, r-oldrel-macos-x86_64