CRAN Package Check Results for Package ceser

Last updated on 2022-01-24 15:54:06 CET.

Flavor Version Tinstall Tcheck Ttotal Status Flags
r-devel-linux-x86_64-debian-clang 1.0.0 1.91 39.26 41.17 OK
r-devel-linux-x86_64-debian-gcc 1.0.0 1.68 30.06 31.74 OK
r-devel-linux-x86_64-fedora-clang 1.0.0 50.96 NOTE
r-devel-linux-x86_64-fedora-gcc 1.0.0 40.10 NOTE
r-devel-windows-x86_64-new-UL 1.0.0 20.00 59.00 79.00 OK
r-devel-windows-x86_64-new-TK 1.0.0 NOTE
r-patched-linux-x86_64 1.0.0 2.48 36.65 39.13 OK
r-release-linux-x86_64 1.0.0 1.56 36.42 37.98 OK
r-release-macos-arm64 1.0.0 NOTE
r-release-macos-x86_64 1.0.0 NOTE
r-release-windows-ix86+x86_64 1.0.0 6.00 47.00 53.00 OK
r-oldrel-macos-x86_64 1.0.0 NOTE
r-oldrel-windows-ix86+x86_64 1.0.0 6.00 48.00 54.00 OK

Check Details

Version: 1.0.0
Check: dependencies in R code
Result: NOTE
    Namespace in Imports field not imported from: ‘lmtest’
     All declared Imports should be used.
Flavors: r-devel-linux-x86_64-fedora-clang, r-devel-linux-x86_64-fedora-gcc, r-devel-windows-x86_64-new-TK, r-release-macos-arm64, r-release-macos-x86_64, r-oldrel-macos-x86_64