CRAN Package Check Results for Package cesR

Last updated on 2022-10-04 03:56:37 CEST.

Flavor Version Tinstall Tcheck Ttotal Status Flags
r-devel-linux-x86_64-debian-clang 0.1.0 2.89 36.63 39.52 NOTE
r-devel-linux-x86_64-debian-gcc 0.1.0 2.37 28.49 30.86 NOTE
r-devel-linux-x86_64-fedora-clang 0.1.0 61.40 NOTE
r-devel-linux-x86_64-fedora-gcc 0.1.0 57.43 NOTE
r-devel-windows-x86_64 0.1.0 9.00 66.00 75.00 NOTE
r-patched-linux-x86_64 0.1.0 2.18 35.58 37.76 OK
r-release-linux-x86_64 0.1.0 3.13 34.56 37.69 OK
r-release-macos-arm64 0.1.0 24.00 OK
r-release-macos-x86_64 0.1.0 37.00 OK
r-release-windows-x86_64 0.1.0 13.00 62.00 75.00 OK
r-oldrel-macos-arm64 0.1.0 35.00 OK
r-oldrel-macos-x86_64 0.1.0 33.00 OK
r-oldrel-windows-ix86+x86_64 0.1.0 7.00 58.00 65.00 OK

Check Details

Version: 0.1.0
Check: package subdirectories
Result: NOTE
    Problems with news in 'NEWS.md':
    No news entries found.
Flavors: r-devel-linux-x86_64-debian-clang, r-devel-linux-x86_64-debian-gcc, r-devel-linux-x86_64-fedora-clang, r-devel-linux-x86_64-fedora-gcc, r-devel-windows-x86_64