CRAN Package Check Results for Package censorcopula

Last updated on 2022-01-22 03:56:39 CET.

Flavor Version Tinstall Tcheck Ttotal Status Flags
r-devel-linux-x86_64-debian-clang 2.0 7.36 75.84 83.20 NOTE
r-devel-linux-x86_64-debian-gcc 2.0 5.98 59.36 65.34 NOTE
r-devel-linux-x86_64-fedora-clang 2.0 107.38 NOTE
r-devel-linux-x86_64-fedora-gcc 2.0 92.61 NOTE
r-devel-windows-x86_64-new-UL 2.0 29.00 92.00 121.00 NOTE
r-devel-windows-x86_64-new-TK 2.0 NOTE
r-patched-linux-x86_64 2.0 6.34 74.28 80.62 NOTE
r-release-linux-x86_64 2.0 5.54 74.73 80.27 NOTE
r-release-macos-arm64 2.0 NOTE
r-release-macos-x86_64 2.0 NOTE
r-release-windows-ix86+x86_64 2.0 18.00 89.00 107.00 NOTE
r-oldrel-macos-x86_64 2.0 NOTE
r-oldrel-windows-ix86+x86_64 2.0 19.00 86.00 105.00 NOTE

Check Details

Version: 2.0
Check: dependencies in R code
Result: NOTE
    Unexported objects imported by ':::' calls:
     'copula:::dCdu' 'copula:::fitCopStart'
     See the note in ?`:::` about the use of this operator.
Flavors: r-devel-linux-x86_64-debian-clang, r-devel-linux-x86_64-debian-gcc, r-devel-linux-x86_64-fedora-clang, r-devel-linux-x86_64-fedora-gcc, r-devel-windows-x86_64-new-UL, r-devel-windows-x86_64-new-TK, r-patched-linux-x86_64, r-release-linux-x86_64, r-release-macos-arm64, r-release-macos-x86_64, r-release-windows-ix86+x86_64, r-oldrel-macos-x86_64, r-oldrel-windows-ix86+x86_64