CRAN Package Check Results for Package cec2013

Last updated on 2022-01-28 15:53:06 CET.

Flavor Version Tinstall Tcheck Ttotal Status Flags
r-devel-linux-x86_64-debian-clang 0.1-5 5.35 28.73 34.08 OK
r-devel-linux-x86_64-debian-gcc 0.1-5 3.26 21.99 25.25 OK
r-devel-linux-x86_64-fedora-clang 0.1-5 41.33 NOTE
r-devel-linux-x86_64-fedora-gcc 0.1-5 28.42 NOTE
r-devel-windows-x86_64-new-UL 0.1-5 26.00 41.00 67.00 NOTE
r-devel-windows-x86_64-new-TK 0.1-5 OK
r-patched-linux-x86_64 0.1-5 4.24 26.89 31.13 OK
r-release-linux-x86_64 0.1-5 3.98 26.99 30.97 OK
r-release-macos-arm64 0.1-5 NOTE
r-release-macos-x86_64 0.1-5 NOTE
r-release-windows-ix86+x86_64 0.1-5 11.00 29.00 40.00 NOTE
r-oldrel-macos-x86_64 0.1-5 NOTE
r-oldrel-windows-ix86+x86_64 0.1-5 11.00 27.00 38.00 NOTE

Check Details

Version: 0.1-5
Check: installed package size
Result: NOTE
     installed size is 9.5Mb
     sub-directories of 1Mb or more:
     extdata 9.3Mb
Flavors: r-devel-linux-x86_64-fedora-clang, r-devel-windows-x86_64-new-UL, r-release-macos-arm64, r-release-macos-x86_64, r-release-windows-ix86+x86_64, r-oldrel-macos-x86_64, r-oldrel-windows-ix86+x86_64

Version: 0.1-5
Check: compiled code
Result: NOTE
    File ‘cec2013/libs/cec2013.so’:
     Found no calls to: ‘R_registerRoutines’, ‘R_useDynamicSymbols’
    
    It is good practice to register native routines and to disable symbol
    search.
    
    See ‘Writing portable packages’ in the ‘Writing R Extensions’ manual.
Flavors: r-devel-linux-x86_64-fedora-clang, r-devel-linux-x86_64-fedora-gcc