CRAN Package Check Results for Package cdparcoord

Last updated on 2024-05-27 03:49:28 CEST.

Flavor Version Tinstall Tcheck Ttotal Status Flags
r-devel-linux-x86_64-debian-clang 1.0.1 16.87 146.05 162.92 OK
r-devel-linux-x86_64-debian-gcc 1.0.1 13.55 110.06 123.61 OK
r-devel-linux-x86_64-fedora-clang 1.0.1 233.96 NOTE
r-devel-linux-x86_64-fedora-gcc 1.0.1 207.64 OK
r-devel-windows-x86_64 1.0.1 17.00 116.00 133.00 OK
r-patched-linux-x86_64 1.0.1 15.52 136.37 151.89 OK
r-release-linux-x86_64 1.0.1 16.02 137.56 153.58 OK
r-release-macos-arm64 1.0.1 65.00 OK
r-release-windows-x86_64 1.0.1 17.00 116.00 133.00 OK
r-oldrel-macos-arm64 1.0.1 71.00 OK
r-oldrel-macos-x86_64 1.0.1 109.00 OK
r-oldrel-windows-x86_64 1.0.1 21.00 144.00 165.00 OK

Check Details

Version: 1.0.1
Check: whether startup messages can be suppressed
Result: NOTE OMP: Warning #96: Cannot form a team with 24 threads, using 2 instead. OMP: Hint Consider unsetting KMP_DEVICE_THREAD_LIMIT (KMP_ALL_THREADS), KMP_TEAMS_THREAD_LIMIT, and OMP_THREAD_LIMIT (if any are set). It looks like this package (or a package it requires) has a startup message which cannot be suppressed: see ?packageStartupMessage. Flavor: r-devel-linux-x86_64-fedora-clang