CRAN Package Check Results for Package cccp

Last updated on 2022-01-19 04:48:19 CET.

Flavor Version Tinstall Tcheck Ttotal Status Flags
r-devel-linux-x86_64-debian-clang 0.2-7 237.03 70.54 307.57 OK
r-devel-linux-x86_64-debian-gcc 0.2-7 180.76 57.31 238.07 OK
r-devel-linux-x86_64-fedora-clang 0.2-7 497.08 NOTE
r-devel-linux-x86_64-fedora-gcc 0.2-7 409.34 OK
r-devel-windows-x86_64-new-UL 0.2-7 191.00 120.00 311.00 OK
r-devel-windows-x86_64-new-TK 0.2-7 OK
r-patched-linux-x86_64 0.2-7 210.69 68.61 279.30 OK
r-release-linux-x86_64 0.2-7 OK
r-release-macos-arm64 0.2-7 NOTE
r-release-macos-x86_64 0.2-7 NOTE
r-release-windows-ix86+x86_64 0.2-7 526.00 136.00 662.00 OK
r-oldrel-macos-x86_64 0.2-7 NOTE
r-oldrel-windows-ix86+x86_64 0.2-7 528.00 130.00 658.00 OK

Check Details

Version: 0.2-7
Check: installed package size
Result: NOTE
     installed size is 18.0Mb
     sub-directories of 1Mb or more:
     libs 17.6Mb
Flavors: r-devel-linux-x86_64-fedora-clang, r-release-macos-arm64, r-release-macos-x86_64, r-oldrel-macos-x86_64