CRAN Package Check Results for Package cbq

Last updated on 2021-11-30 03:56:50 CET.

Flavor Version Tinstall Tcheck Ttotal Status Flags
r-devel-linux-x86_64-debian-clang 0.2.0.2 1566.01 169.70 1735.71 NOTE
r-devel-linux-x86_64-debian-gcc 0.2.0.2 1389.90 199.21 1589.11 NOTE
r-devel-linux-x86_64-fedora-clang 0.2.0.2 2683.89 NOTE
r-devel-linux-x86_64-fedora-gcc 0.2.0.2 2940.99 NOTE
r-devel-windows-x86_64-new-UL 0.2.0.2 1788.00 635.00 2423.00 NOTE
r-devel-windows-x86_64-new-TK 0.2.0.2 WARN
r-devel-windows-x86_64-old 0.2.0.2 1872.00 439.00 2311.00 NOTE
r-patched-linux-x86_64 0.2.0.2 1230.38 249.23 1479.61 NOTE
r-patched-solaris-x86 0.2.0.2 2384.60 NOTE
r-release-linux-x86_64 0.2.0.2 1374.08 247.63 1621.71 NOTE
r-release-macos-arm64 0.2.0.2 NOTE
r-release-macos-x86_64 0.2.0.2 NOTE
r-release-windows-ix86+x86_64 0.2.0.2 3630.00 332.00 3962.00 NOTE
r-oldrel-macos-x86_64 0.2.0.2 NOTE
r-oldrel-windows-ix86+x86_64 0.2.0.2 2695.00 340.00 3035.00 NOTE

Check Details

Version: 0.2.0.2
Check: LazyData
Result: NOTE
     'LazyData' is specified without a 'data' directory
Flavors: r-devel-linux-x86_64-debian-clang, r-devel-linux-x86_64-debian-gcc, r-devel-linux-x86_64-fedora-clang, r-devel-linux-x86_64-fedora-gcc, r-devel-windows-x86_64-new-UL, r-devel-windows-x86_64-new-TK, r-devel-windows-x86_64-old, r-patched-linux-x86_64, r-patched-solaris-x86, r-release-linux-x86_64, r-release-macos-arm64, r-release-macos-x86_64, r-release-windows-ix86+x86_64

Version: 0.2.0.2
Check: for GNU extensions in Makefiles
Result: NOTE
    GNU make is a SystemRequirements.
Flavors: r-devel-linux-x86_64-debian-clang, r-devel-linux-x86_64-debian-gcc, r-devel-linux-x86_64-fedora-clang, r-devel-linux-x86_64-fedora-gcc, r-devel-windows-x86_64-new-UL, r-devel-windows-x86_64-new-TK, r-devel-windows-x86_64-old, r-patched-linux-x86_64, r-patched-solaris-x86, r-release-linux-x86_64, r-release-macos-arm64, r-release-macos-x86_64, r-release-windows-ix86+x86_64, r-oldrel-macos-x86_64, r-oldrel-windows-ix86+x86_64

Version: 0.2.0.2
Check: installed package size
Result: NOTE
     installed size is 171.0Mb
     sub-directories of 1Mb or more:
     libs 170.5Mb
Flavors: r-devel-linux-x86_64-fedora-clang, r-devel-windows-x86_64-new-UL, r-devel-windows-x86_64-old, r-patched-solaris-x86, r-release-macos-arm64, r-release-macos-x86_64, r-release-windows-ix86+x86_64, r-oldrel-macos-x86_64, r-oldrel-windows-ix86+x86_64

Version: 0.2.0.2
Check: line endings in C/C++/Fortran sources/headers
Result: NOTE
    Found the following sources/headers with CR or CRLF line endings:
     src/RcppExports.cpp
     src/stanExports_cbqb.h
     src/stanExports_cbqbv.h
     src/stanExports_cbqd.h
     src/stanExports_cbqdv.h
     src/stanExports_cbqfixb.h
     src/stanExports_cbqfixbv.h
     src/stanExports_cbqfixd.h
     src/stanExports_cbqfixdv.h
     src/stanExports_cbqpanelb.h
     src/stanExports_cbqpanelbv.h
     src/stanExports_cbqpaneld.h
     src/stanExports_cbqpaneldv.h
     src/stanExports_cbqrandomb.h
     src/stanExports_cbqrandombv.h
     src/stanExports_cbqrandomd.h
     src/stanExports_cbqrandomdv.h
    Some Unix compilers require LF line endings.
Flavor: r-devel-windows-x86_64-new-TK

Version: 0.2.0.2
Check: line endings in Makefiles
Result: WARN
    Found the following Makefile(s) with CR or CRLF line endings:
     src/Makevars
    Some Unix 'make' programs require LF line endings.
Flavor: r-devel-windows-x86_64-new-TK