CRAN Package Check Results for Package catseyes

Last updated on 2024-06-19 03:50:21 CEST.

Flavor Version Tinstall Tcheck Ttotal Status Flags
r-devel-linux-x86_64-debian-clang 0.2.5 1.77 22.20 23.97 NOTE
r-devel-linux-x86_64-debian-gcc 0.2.5 1.52 17.43 18.95 NOTE
r-devel-linux-x86_64-fedora-clang 0.2.5 30.76 NOTE
r-devel-linux-x86_64-fedora-gcc 0.2.5 32.07 NOTE
r-devel-windows-x86_64 0.2.5 2.00 38.00 40.00 NOTE
r-patched-linux-x86_64 0.2.5 2.10 21.13 23.23 NOTE
r-release-linux-x86_64 0.2.5 2.14 21.17 23.31 NOTE
r-release-macos-arm64 0.2.5 17.00 NOTE
r-release-macos-x86_64 0.2.5 27.00 NOTE
r-release-windows-x86_64 0.2.5 3.00 40.00 43.00 NOTE
r-oldrel-macos-arm64 0.2.5 16.00 NOTE
r-oldrel-macos-x86_64 0.2.5 22.00 NOTE
r-oldrel-windows-x86_64 0.2.5 3.00 39.00 42.00 NOTE

Check Details

Version: 0.2.5
Check: LazyData
Result: NOTE 'LazyData' is specified without a 'data' directory Flavors: r-devel-linux-x86_64-debian-clang, r-devel-linux-x86_64-debian-gcc, r-devel-linux-x86_64-fedora-clang, r-devel-linux-x86_64-fedora-gcc, r-devel-windows-x86_64, r-patched-linux-x86_64, r-release-linux-x86_64, r-release-macos-arm64, r-release-macos-x86_64, r-release-windows-x86_64, r-oldrel-macos-arm64, r-oldrel-macos-x86_64, r-oldrel-windows-x86_64