CRAN Package Check Results for Package cassandRa

Last updated on 2021-10-17 03:51:58 CEST.

Flavor Version Tinstall Tcheck Ttotal Status Flags
r-devel-linux-x86_64-debian-clang 0.1.0 7.02 107.26 114.28 NOTE
r-devel-linux-x86_64-debian-gcc 0.1.0 4.87 77.18 82.05 NOTE
r-devel-linux-x86_64-fedora-clang 0.1.0 144.21 NOTE
r-devel-linux-x86_64-fedora-gcc 0.1.0 130.44 NOTE
r-devel-windows-x86_64 0.1.0 11.00 139.00 150.00 NOTE
r-devel-windows-x86_64-gcc10-UCRT 0.1.0 NOTE
r-patched-linux-x86_64 0.1.0 4.11 101.51 105.62 NOTE
r-patched-solaris-x86 0.1.0 178.10 NOTE
r-release-linux-x86_64 0.1.0 4.77 101.15 105.92 NOTE
r-release-macos-arm64 0.1.0 NOTE
r-release-macos-x86_64 0.1.0 NOTE
r-release-windows-ix86+x86_64 0.1.0 16.00 134.00 150.00 NOTE
r-oldrel-macos-x86_64 0.1.0 OK
r-oldrel-windows-ix86+x86_64 0.1.0 16.00 135.00 151.00 OK

Check Details

Version: 0.1.0
Check: LazyData
Result: NOTE
     'LazyData' is specified without a 'data' directory
Flavors: r-devel-linux-x86_64-debian-clang, r-devel-linux-x86_64-debian-gcc, r-devel-linux-x86_64-fedora-clang, r-devel-linux-x86_64-fedora-gcc, r-devel-windows-x86_64, r-devel-windows-x86_64-gcc10-UCRT, r-patched-linux-x86_64, r-patched-solaris-x86, r-release-linux-x86_64, r-release-macos-arm64, r-release-macos-x86_64, r-release-windows-ix86+x86_64