CRAN Package Check Results for Package carat

Last updated on 2021-10-24 03:51:04 CEST.

Flavor Version Tinstall Tcheck Ttotal Status Flags
r-devel-linux-x86_64-debian-clang 2.0.2 82.00 78.75 160.75 OK
r-devel-linux-x86_64-debian-gcc 2.0.2 61.36 58.24 119.60 OK
r-devel-linux-x86_64-fedora-clang 2.0.2 238.77 NOTE
r-devel-linux-x86_64-fedora-gcc 2.0.2 207.84 OK
r-devel-windows-x86_64 2.0.2 75.00 111.00 186.00 OK
r-devel-windows-x86_64-gcc10-UCRT 2.0.2 OK
r-patched-linux-x86_64 2.0.2 72.07 74.09 146.16 OK
r-patched-solaris-x86 2.0.2 205.60 OK
r-release-linux-x86_64 2.0.2 71.36 73.94 145.30 OK
r-release-macos-arm64 2.0.1 NOTE
r-release-macos-x86_64 2.0.2 NOTE
r-release-windows-ix86+x86_64 2.0.2 132.00 108.00 240.00 OK
r-oldrel-macos-x86_64 2.0.2 NOTE
r-oldrel-windows-ix86+x86_64 2.0.2 130.00 116.00 246.00 OK

Check Details

Version: 2.0.2
Check: installed package size
Result: NOTE
     installed size is 8.8Mb
     sub-directories of 1Mb or more:
     libs 8.4Mb
Flavors: r-devel-linux-x86_64-fedora-clang, r-release-macos-x86_64, r-oldrel-macos-x86_64

Version: 2.0.1
Check: installed package size
Result: NOTE
     installed size is 12.8Mb
     sub-directories of 1Mb or more:
     libs 12.3Mb
Flavor: r-release-macos-arm64