CRAN Package Check Results for Package caracas

Last updated on 2024-06-13 15:48:15 CEST.

Flavor Version Tinstall Tcheck Ttotal Status Flags
r-devel-linux-x86_64-debian-clang 2.1.1 17.09 255.80 272.89 OK
r-devel-linux-x86_64-debian-gcc 2.1.1 0.48 1.90 2.38 ERROR
r-devel-linux-x86_64-fedora-clang 2.1.1 334.91 OK
r-devel-linux-x86_64-fedora-gcc 2.1.1 336.99 OK
r-devel-windows-x86_64 2.1.1 35.00 505.00 540.00 OK
r-patched-linux-x86_64 2.1.1 13.25 249.38 262.63 OK
r-release-linux-x86_64 2.1.1 13.42 240.47 253.89 OK
r-release-macos-arm64 2.1.1 85.00 OK
r-release-macos-x86_64 2.1.1 121.00 OK
r-release-windows-x86_64 2.1.1 34.00 523.00 557.00 OK
r-oldrel-macos-arm64 2.1.1 79.00 OK
r-oldrel-macos-x86_64 2.1.1 171.00 OK
r-oldrel-windows-x86_64 2.1.1 27.00 418.00 445.00 OK

Check Details

Version: 2.1.1
Check: package dependencies
Result: ERROR Package required but not available: ‘doBy’ Packages suggested but not available for checking: 'testthat', 'magick' See section ‘The DESCRIPTION file’ in the ‘Writing R Extensions’ manual. Flavor: r-devel-linux-x86_64-debian-gcc