Last updated on 2023-09-28 15:58:16 CEST.
Flavor | Version | Tinstall | Tcheck | Ttotal | Status | Flags |
---|---|---|---|---|---|---|
r-devel-linux-x86_64-debian-clang | 0.14.0 | 17.17 | 151.31 | 168.48 | OK | |
r-devel-linux-x86_64-debian-gcc | 0.14.0 | 14.48 | 112.31 | 126.79 | OK | |
r-devel-linux-x86_64-fedora-clang | 0.14.0 | 197.35 | NOTE | |||
r-devel-linux-x86_64-fedora-gcc | 0.14.0 | 201.21 | NOTE | |||
r-devel-windows-x86_64 | 0.14.0 | 15.00 | 121.00 | 136.00 | OK | |
r-patched-linux-x86_64 | 0.14.0 | 23.13 | 139.84 | 162.97 | OK | |
r-release-linux-x86_64 | 0.14.0 | 13.41 | 143.11 | 156.52 | OK | |
r-release-macos-arm64 | 0.14.0 | 54.00 | OK | |||
r-release-macos-x86_64 | 0.14.0 | 100.00 | OK | |||
r-release-windows-x86_64 | 0.14.0 | 20.00 | 152.00 | 172.00 | OK | |
r-oldrel-macos-arm64 | 0.14.0 | 52.00 | NOTE | |||
r-oldrel-macos-x86_64 | 0.14.0 | 101.00 | NOTE | |||
r-oldrel-windows-x86_64 | 0.14.0 | 21.00 | 151.00 | 172.00 | OK |
Version: 0.14.0
Check: data for non-ASCII characters
Result: NOTE
Note: found 59 marked UTF-8 strings
Flavors: r-devel-linux-x86_64-fedora-clang, r-devel-linux-x86_64-fedora-gcc, r-oldrel-macos-arm64, r-oldrel-macos-x86_64