CRAN Package Check Results for Package capm

Last updated on 2022-10-07 15:52:51 CEST.

Flavor Version Tinstall Tcheck Ttotal Status Flags
r-devel-linux-x86_64-debian-clang 0.14.0 17.75 153.05 170.80 OK
r-devel-linux-x86_64-debian-gcc 0.14.0 12.50 114.79 127.29 OK
r-devel-linux-x86_64-fedora-clang 0.14.0 214.33 NOTE
r-devel-linux-x86_64-fedora-gcc 0.14.0 201.52 NOTE
r-devel-windows-x86_64 0.14.0 21.00 169.00 190.00 OK
r-patched-linux-x86_64 0.14.0 19.95 139.92 159.87 OK
r-release-linux-x86_64 0.14.0 14.75 142.69 157.44 OK
r-release-macos-arm64 0.14.0 52.00 NOTE
r-release-macos-x86_64 0.14.0 101.00 NOTE
r-release-windows-x86_64 0.14.0 28.00 160.00 188.00 OK
r-oldrel-macos-arm64 0.14.0 63.00 NOTE
r-oldrel-macos-x86_64 0.14.0 81.00 NOTE
r-oldrel-windows-ix86+x86_64 0.14.0 36.00 166.00 202.00 OK

Check Details

Version: 0.14.0
Check: data for non-ASCII characters
Result: NOTE
     Note: found 59 marked UTF-8 strings
Flavors: r-devel-linux-x86_64-fedora-clang, r-devel-linux-x86_64-fedora-gcc, r-release-macos-arm64, r-release-macos-x86_64, r-oldrel-macos-arm64, r-oldrel-macos-x86_64