CRAN Package Check Results for Package caper

Last updated on 2024-07-14 03:55:06 CEST.

Flavor Version Tinstall Tcheck Ttotal Status Flags
r-devel-linux-x86_64-debian-clang 1.0.3 6.09 115.52 121.61 NOTE
r-devel-linux-x86_64-debian-gcc 1.0.3 6.06 81.50 87.56 NOTE
r-devel-linux-x86_64-fedora-clang 1.0.3 148.45 NOTE
r-devel-linux-x86_64-fedora-gcc 1.0.3 154.41 NOTE
r-devel-windows-x86_64 1.0.3 7.00 133.00 140.00 NOTE
r-patched-linux-x86_64 1.0.3 10.17 106.02 116.19 NOTE
r-release-linux-x86_64 1.0.3 6.55 110.23 116.78 NOTE
r-release-macos-arm64 1.0.3 53.00 NOTE
r-release-macos-x86_64 1.0.3 78.00 NOTE
r-release-windows-x86_64 1.0.3 7.00 129.00 136.00 NOTE
r-oldrel-macos-arm64 1.0.3 57.00 OK
r-oldrel-macos-x86_64 1.0.3 254.00 OK
r-oldrel-windows-x86_64 1.0.3 9.00 137.00 146.00 OK

Check Details

Version: 1.0.3
Check: Rd files
Result: NOTE checkRd: (-1) macrocaic.Rd:31: Lost braces; missing escapes or markup? 31 | {RRD = ln(N_1/N_2)} | ^ checkRd: (-1) macrocaic.Rd:34: Lost braces; missing escapes or markup? 34 | {PDI = (N_1/(N_1 + N_2))-0.5} | ^ checkRd: (-1) pd.calc.Rd:33: Lost braces 33 | \item{Length of tip branch lengths (TIPS)}{Length of tip branch lengths (TIPS)}{Unlike UEH, this measure does not use the unique paths to each tips on the \strong{subtree} and instead gives the sum of the unique branches leading to the tips on the \strong{complete tree}.} | ^ Flavors: r-devel-linux-x86_64-debian-clang, r-devel-linux-x86_64-debian-gcc, r-devel-linux-x86_64-fedora-clang, r-devel-linux-x86_64-fedora-gcc, r-devel-windows-x86_64, r-patched-linux-x86_64, r-release-linux-x86_64, r-release-macos-arm64, r-release-macos-x86_64, r-release-windows-x86_64

Version: 1.0.3
Check: Rd cross-references
Result: NOTE Found the following Rd file(s) with Rd \link{} targets missing package anchors: comparative.data.Rd: reorder.phylo Please provide package anchors for all Rd \link{} targets not in the package itself and the base packages. Flavor: r-devel-windows-x86_64