CRAN Package Check Results for Package cancerGI

Last updated on 2023-06-07 04:03:55 CEST.

Flavor Version Tinstall Tcheck Ttotal Status Flags
r-devel-linux-x86_64-debian-clang 1.0.0 11.90 112.46 124.36 NOTE
r-devel-linux-x86_64-debian-gcc 1.0.0 10.19 84.10 94.29 NOTE
r-devel-linux-x86_64-fedora-clang 1.0.0 156.80 NOTE
r-devel-linux-x86_64-fedora-gcc 1.0.0 146.68 NOTE
r-devel-windows-x86_64 1.0.0 12.00 94.00 106.00 OK
r-patched-linux-x86_64 1.0.0 10.41 104.88 115.29 NOTE
r-release-linux-x86_64 1.0.0 9.44 106.35 115.79 NOTE
r-release-macos-arm64 1.0.0 46.00 OK
r-release-macos-x86_64 1.0.0 75.00 OK
r-release-windows-x86_64 1.0.0 15.00 116.00 131.00 OK
r-oldrel-macos-arm64 1.0.0 42.00 OK
r-oldrel-macos-x86_64 1.0.0 77.00 OK
r-oldrel-windows-x86_64 1.0.0 16.00 120.00 136.00 OK

Check Details

Version: 1.0.0
Check: for non-standard things in the check directory
Result: NOTE
    Found the following files/directories:
     ‘tmp.txt’
Flavors: r-devel-linux-x86_64-debian-clang, r-devel-linux-x86_64-debian-gcc, r-devel-linux-x86_64-fedora-clang, r-devel-linux-x86_64-fedora-gcc, r-patched-linux-x86_64, r-release-linux-x86_64