CRAN Package Check Results for Package camsRad

Last updated on 2022-01-22 03:56:39 CET.

Flavor Version Tinstall Tcheck Ttotal Status Flags
r-devel-linux-x86_64-debian-clang 0.3.0 2.09 32.14 34.23 NOTE
r-devel-linux-x86_64-debian-gcc 0.3.0 1.58 25.16 26.74 NOTE
r-devel-linux-x86_64-fedora-clang 0.3.0 44.47 NOTE
r-devel-linux-x86_64-fedora-gcc 0.3.0 32.82 NOTE
r-devel-windows-x86_64-new-UL 0.3.0 21.00 55.00 76.00 NOTE
r-devel-windows-x86_64-new-TK 0.3.0 NOTE
r-patched-linux-x86_64 0.3.0 2.02 30.26 32.28 NOTE
r-release-linux-x86_64 0.3.0 1.41 30.36 31.77 NOTE
r-release-macos-arm64 0.3.0 NOTE
r-release-macos-x86_64 0.3.0 NOTE
r-release-windows-ix86+x86_64 0.3.0 5.00 42.00 47.00 NOTE
r-oldrel-macos-x86_64 0.3.0 OK
r-oldrel-windows-ix86+x86_64 0.3.0 4.00 42.00 46.00 OK

Check Details

Version: 0.3.0
Check: LazyData
Result: NOTE
     'LazyData' is specified without a 'data' directory
Flavors: r-devel-linux-x86_64-debian-clang, r-devel-linux-x86_64-debian-gcc, r-devel-linux-x86_64-fedora-clang, r-devel-linux-x86_64-fedora-gcc, r-devel-windows-x86_64-new-UL, r-devel-windows-x86_64-new-TK, r-patched-linux-x86_64, r-release-linux-x86_64, r-release-macos-arm64, r-release-macos-x86_64, r-release-windows-ix86+x86_64