CRAN Package Check Results for Package calcUnique

Last updated on 2023-02-02 04:05:40 CET.

Flavor Version Tinstall Tcheck Ttotal Status Flags
r-devel-linux-x86_64-debian-clang 0.1.2 2.01 22.07 24.08 NOTE
r-devel-linux-x86_64-debian-gcc 0.1.2 1.55 17.47 19.02 NOTE
r-devel-linux-x86_64-fedora-clang 0.1.2 31.14 NOTE
r-devel-linux-x86_64-fedora-gcc 0.1.2 29.60 NOTE
r-patched-linux-x86_64 0.1.2 1.99 22.63 24.62 NOTE
r-release-linux-x86_64 0.1.2 2.20 22.35 24.55 NOTE
r-release-macos-arm64 0.1.2 18.00 NOTE
r-release-macos-x86_64 0.1.2 23.00 NOTE
r-release-windows-x86_64 0.1.2 6.00 61.00 67.00 NOTE
r-oldrel-macos-arm64 0.1.2 21.00 NOTE
r-oldrel-macos-x86_64 0.1.2 27.00 NOTE
r-oldrel-windows-ix86+x86_64 0.1.2 5.00 51.00 56.00 NOTE

Check Details

Version: 0.1.2
Check: LazyData
Result: NOTE
     'LazyData' is specified without a 'data' directory
Flavors: r-devel-linux-x86_64-debian-clang, r-devel-linux-x86_64-debian-gcc, r-devel-linux-x86_64-fedora-clang, r-devel-linux-x86_64-fedora-gcc, r-patched-linux-x86_64, r-release-linux-x86_64, r-release-macos-arm64, r-release-macos-x86_64, r-release-windows-x86_64, r-oldrel-macos-arm64, r-oldrel-macos-x86_64, r-oldrel-windows-ix86+x86_64