CRAN Package Check Results for Package bwsTools

Last updated on 2024-07-23 15:48:05 CEST.

Flavor Version Tinstall Tcheck Ttotal Status Flags
r-devel-linux-x86_64-debian-clang 1.2.0 4.33 204.74 209.07 NOTE
r-devel-linux-x86_64-debian-gcc 1.2.0 2.64 152.24 154.88 NOTE
r-devel-linux-x86_64-fedora-clang 1.2.0 256.17 NOTE
r-devel-linux-x86_64-fedora-gcc 1.2.0 253.25 NOTE
r-devel-windows-x86_64 1.2.0 5.00 150.00 155.00 NOTE
r-patched-linux-x86_64 1.2.0 3.72 195.02 198.74 NOTE
r-release-linux-x86_64 1.2.0 2.95 199.46 202.41 NOTE
r-release-macos-arm64 1.2.0 80.00 NOTE
r-release-macos-x86_64 1.2.0 213.00 NOTE
r-release-windows-x86_64 1.2.0 5.00 150.00 155.00 NOTE
r-oldrel-macos-arm64 1.2.0 84.00 NOTE
r-oldrel-macos-x86_64 1.2.0 141.00 NOTE
r-oldrel-windows-x86_64 1.2.0 7.00 206.00 213.00 NOTE

Check Details

Version: 1.2.0
Check: package subdirectories
Result: NOTE Problems with news in ‘NEWS.md’: No news entries found. Flavors: r-devel-linux-x86_64-debian-clang, r-devel-linux-x86_64-debian-gcc, r-devel-linux-x86_64-fedora-clang, r-devel-linux-x86_64-fedora-gcc, r-devel-windows-x86_64, r-patched-linux-x86_64, r-release-linux-x86_64, r-release-macos-arm64, r-release-macos-x86_64, r-release-windows-x86_64, r-oldrel-macos-arm64, r-oldrel-macos-x86_64, r-oldrel-windows-x86_64