CRAN Package Check Results for Package bunchr

Last updated on 2024-07-23 15:48:05 CEST.

Flavor Version Tinstall Tcheck Ttotal Status Flags
r-devel-linux-x86_64-debian-clang 1.2.0 2.78 585.16 587.94 NOTE
r-devel-linux-x86_64-debian-gcc 1.2.0 2.55 414.20 416.75 NOTE
r-devel-linux-x86_64-fedora-clang 1.2.0 689.49 NOTE
r-devel-linux-x86_64-fedora-gcc 1.2.0 677.03 NOTE
r-devel-windows-x86_64 1.2.0 4.00 261.00 265.00 NOTE --no-vignettes
r-patched-linux-x86_64 1.2.0 3.17 562.50 565.67 NOTE
r-release-linux-x86_64 1.2.0 3.44 541.52 544.96 NOTE
r-release-macos-arm64 1.2.0 183.00 NOTE
r-release-macos-x86_64 1.2.0 318.00 NOTE
r-release-windows-x86_64 1.2.0 4.00 313.00 317.00 NOTE --no-vignettes
r-oldrel-macos-arm64 1.2.0 217.00 NOTE
r-oldrel-macos-x86_64 1.2.0 386.00 NOTE
r-oldrel-windows-x86_64 1.2.0 5.00 328.00 333.00 NOTE --no-vignettes

Check Details

Version: 1.2.0
Check: Rd files
Result: NOTE checkRd: (-1) kink_estimator.Rd:60: Escaped LaTeX specials: \$ Flavors: r-devel-linux-x86_64-debian-clang, r-devel-linux-x86_64-debian-gcc, r-devel-linux-x86_64-fedora-clang, r-devel-linux-x86_64-fedora-gcc, r-patched-linux-x86_64, r-release-linux-x86_64, r-release-macos-arm64, r-release-macos-x86_64, r-oldrel-macos-arm64, r-oldrel-macos-x86_64

Version: 1.2.0
Check: LazyData
Result: NOTE 'LazyData' is specified without a 'data' directory Flavors: r-devel-linux-x86_64-debian-clang, r-devel-linux-x86_64-debian-gcc, r-devel-linux-x86_64-fedora-clang, r-devel-linux-x86_64-fedora-gcc, r-patched-linux-x86_64, r-release-linux-x86_64, r-release-macos-arm64, r-release-macos-x86_64, r-oldrel-macos-arm64, r-oldrel-macos-x86_64

Version: 1.2.0
Flags: --no-vignettes
Check: Rd files
Result: NOTE checkRd: (-1) kink_estimator.Rd:60: Escaped LaTeX specials: \$ Flavors: r-devel-windows-x86_64, r-release-windows-x86_64, r-oldrel-windows-x86_64

Version: 1.2.0
Flags: --no-vignettes
Check: LazyData
Result: NOTE 'LazyData' is specified without a 'data' directory Flavors: r-devel-windows-x86_64, r-release-windows-x86_64, r-oldrel-windows-x86_64