CRAN Package Check Results for Package bumblebee

Last updated on 2025-01-18 04:48:20 CET.

Flavor Version Tinstall Tcheck Ttotal Status Flags
r-devel-linux-x86_64-debian-clang 0.1.0 5.33 42.99 48.32 OK
r-devel-linux-x86_64-debian-gcc 0.1.0 2.75 31.94 34.69 OK
r-devel-linux-x86_64-fedora-clang 0.1.0 78.55 NOTE
r-devel-linux-x86_64-fedora-gcc 0.1.0 88.57 NOTE
r-devel-windows-x86_64 0.1.0 8.00 63.00 71.00 OK
r-patched-linux-x86_64 0.1.0 4.21 40.32 44.53 OK
r-release-linux-x86_64 0.1.0 4.96 40.33 45.29 OK
r-release-macos-arm64 0.1.0 31.00 OK
r-release-macos-x86_64 0.1.0 43.00 OK
r-release-windows-x86_64 0.1.0 6.00 69.00 75.00 OK
r-oldrel-macos-arm64 0.1.0 31.00 OK
r-oldrel-macos-x86_64 0.1.0 44.00 OK
r-oldrel-windows-x86_64 0.1.0 8.00 71.00 79.00 OK

Check Details

Version: 0.1.0
Check: dependencies in R code
Result: NOTE Namespaces in Imports field not imported from: ‘Hmisc’ ‘magrittr’ ‘rmarkdown’ All declared Imports should be used. Flavors: r-devel-linux-x86_64-fedora-clang, r-devel-linux-x86_64-fedora-gcc