CRAN Package Check Results for Package bumblebee

Last updated on 2024-07-13 03:49:10 CEST.

Flavor Version Tinstall Tcheck Ttotal Status Flags
r-devel-linux-x86_64-debian-clang 0.1.0 6.96 54.52 61.48 OK
r-devel-linux-x86_64-debian-gcc 0.1.0 5.10 40.97 46.07 OK
r-devel-linux-x86_64-fedora-clang 0.1.0 77.02 NOTE
r-devel-linux-x86_64-fedora-gcc 0.1.0 85.61 NOTE
r-devel-windows-x86_64 0.1.0 6.00 62.00 68.00 OK
r-patched-linux-x86_64 0.1.0 6.23 52.55 58.78 OK
r-release-linux-x86_64 0.1.0 3.35 51.32 54.67 OK
r-release-macos-arm64 0.1.0 31.00 OK
r-release-macos-x86_64 0.1.0 43.00 OK
r-release-windows-x86_64 0.1.0 7.00 62.00 69.00 OK
r-oldrel-macos-arm64 0.1.0 31.00 OK
r-oldrel-macos-x86_64 0.1.0 44.00 OK
r-oldrel-windows-x86_64 0.1.0 8.00 72.00 80.00 OK

Check Details

Version: 0.1.0
Check: dependencies in R code
Result: NOTE Namespaces in Imports field not imported from: ‘Hmisc’ ‘magrittr’ ‘rmarkdown’ All declared Imports should be used. Flavors: r-devel-linux-x86_64-fedora-clang, r-devel-linux-x86_64-fedora-gcc