CRAN Package Check Results for Package bucky

Last updated on 2022-01-28 04:00:42 CET.

Flavor Version Tinstall Tcheck Ttotal Status Flags
r-devel-linux-x86_64-debian-clang 1.0.6 3.21 45.49 48.70 OK
r-devel-linux-x86_64-debian-gcc 1.0.6 2.11 35.54 37.65 OK
r-devel-linux-x86_64-fedora-clang 1.0.6 62.43 NOTE
r-devel-linux-x86_64-fedora-gcc 1.0.6 48.70 OK
r-devel-windows-x86_64-new-UL 1.0.6 19.00 64.00 83.00 OK
r-devel-windows-x86_64-new-TK 1.0.6 OK
r-patched-linux-x86_64 1.0.6 2.55 43.20 45.75 OK
r-release-linux-x86_64 1.0.6 2.02 43.73 45.75 OK
r-release-macos-arm64 1.0.6 OK
r-release-macos-x86_64 1.0.6 OK
r-release-windows-ix86+x86_64 1.0.6 8.00 55.00 63.00 OK
r-oldrel-macos-x86_64 1.0.6 OK
r-oldrel-windows-ix86+x86_64 1.0.6 8.00 57.00 65.00 OK

Check Details

Version: 1.0.6
Check: Rd cross-references
Result: NOTE
    Undeclared package ‘mitools’ in Rd xrefs
Flavor: r-devel-linux-x86_64-fedora-clang