CRAN Package Check Results for Package bsts

Last updated on 2021-11-27 15:50:36 CET.

Flavor Version Tinstall Tcheck Ttotal Status Flags
r-devel-linux-x86_64-debian-clang 0.9.7 OK
r-devel-linux-x86_64-debian-gcc 0.9.7 80.14 89.65 169.79 OK
r-devel-linux-x86_64-fedora-clang 0.9.7 317.75 NOTE
r-devel-linux-x86_64-fedora-gcc 0.9.7 312.54 OK
r-devel-windows-x86_64-new-UL 0.9.7 152.00 236.00 388.00 NOTE
r-devel-windows-x86_64-new-TK 0.9.7 OK
r-devel-windows-x86_64-old 0.9.7 99.00 193.00 292.00 NOTE
r-patched-linux-x86_64 0.9.7 108.68 123.23 231.91 OK
r-release-linux-x86_64 0.9.7 OK
r-release-macos-arm64 0.9.7 NOTE
r-release-macos-x86_64 0.9.7 NOTE
r-release-windows-ix86+x86_64 0.9.7 245.00 240.00 485.00 NOTE
r-oldrel-macos-x86_64 0.9.7 NOTE
r-oldrel-windows-ix86+x86_64 0.9.7 186.00 323.00 509.00 NOTE

Additional issues

rchk

Check Details

Version: 0.9.7
Check: installed package size
Result: NOTE
     installed size is 85.6Mb
     sub-directories of 1Mb or more:
     libs 84.9Mb
Flavors: r-devel-linux-x86_64-fedora-clang, r-devel-windows-x86_64-new-UL, r-devel-windows-x86_64-old, r-release-macos-arm64, r-release-macos-x86_64, r-release-windows-ix86+x86_64, r-oldrel-macos-x86_64, r-oldrel-windows-ix86+x86_64