CRAN Package Check Results for Package bslib

Last updated on 2021-12-07 16:49:29 CET.

Flavor Version Tinstall Tcheck Ttotal Status Flags
r-devel-linux-x86_64-debian-clang 0.3.1 7.07 110.67 117.74 OK
r-devel-linux-x86_64-debian-gcc 0.3.1 5.35 84.89 90.24 OK
r-devel-linux-x86_64-fedora-clang 0.3.1 140.30 NOTE
r-devel-linux-x86_64-fedora-gcc 0.3.1 134.57 OK
r-devel-windows-x86_64-new-UL 0.3.1 47.00 188.00 235.00 NOTE
r-devel-windows-x86_64-new-TK 0.3.1 OK
r-devel-windows-x86_64-old 0.3.1 12.00 154.00 166.00 NOTE
r-patched-linux-x86_64 0.3.1 11.16 110.01 121.17 OK
r-release-linux-x86_64 0.3.1 7.48 110.95 118.43 OK
r-release-macos-arm64 0.3.1 NOTE
r-release-macos-x86_64 0.3.1 NOTE
r-release-windows-ix86+x86_64 0.3.1 10.00 130.00 140.00 NOTE
r-oldrel-macos-x86_64 0.3.1 NOTE
r-oldrel-windows-ix86+x86_64 0.3.1 14.00 151.00 165.00 NOTE

Check Details

Version: 0.3.1
Check: installed package size
Result: NOTE
     installed size is 10.3Mb
     sub-directories of 1Mb or more:
     fonts 3.1Mb
     lib 5.4Mb
Flavors: r-devel-linux-x86_64-fedora-clang, r-devel-windows-x86_64-new-UL, r-devel-windows-x86_64-old, r-release-macos-arm64, r-release-macos-x86_64, r-release-windows-ix86+x86_64, r-oldrel-macos-x86_64, r-oldrel-windows-ix86+x86_64