CRAN Package Check Results for Package bsam

Last updated on 2022-01-23 15:49:01 CET.

Flavor Version Tinstall Tcheck Ttotal Status Flags
r-devel-linux-x86_64-debian-clang 1.1.3 12.69 104.74 117.43 OK
r-devel-linux-x86_64-debian-gcc 1.1.3 10.94 86.28 97.22 OK
r-devel-linux-x86_64-fedora-clang 1.1.3 141.56 NOTE
r-devel-linux-x86_64-fedora-gcc 1.1.3 126.51 NOTE
r-devel-windows-x86_64-new-UL 1.1.3 33.00 121.00 154.00 OK
r-devel-windows-x86_64-new-TK 1.1.3 NOTE
r-patched-linux-x86_64 1.1.3 12.58 97.66 110.24 OK
r-release-linux-x86_64 1.1.3 11.47 97.30 108.77 OK
r-release-macos-arm64 1.1.3 NOTE
r-release-macos-x86_64 1.1.3 NOTE
r-release-windows-ix86+x86_64 1.1.3 27.00 115.00 142.00 OK
r-oldrel-macos-x86_64 1.1.3 NOTE
r-oldrel-windows-ix86+x86_64 1.1.3 27.00 117.00 144.00 OK

Check Details

Version: 1.1.3
Check: dependencies in R code
Result: NOTE
    Namespaces in Imports field not imported from:
     ‘rworldxtra’ ‘sp’
     All declared Imports should be used.
Flavors: r-devel-linux-x86_64-fedora-clang, r-devel-linux-x86_64-fedora-gcc, r-devel-windows-x86_64-new-TK, r-release-macos-arm64, r-release-macos-x86_64, r-oldrel-macos-x86_64