CRAN Package Check Results for Package brxx

Last updated on 2021-12-06 15:52:03 CET.

Flavor Version Tinstall Tcheck Ttotal Status Flags
r-devel-linux-x86_64-debian-clang 0.1.2 14.06 205.49 219.55 NOTE
r-devel-linux-x86_64-debian-gcc 0.1.2 11.58 152.79 164.37 NOTE
r-devel-linux-x86_64-fedora-clang 0.1.2 273.33 NOTE
r-devel-linux-x86_64-fedora-gcc 0.1.2 259.13 NOTE
r-devel-windows-x86_64-new-UL 0.1.2 20.00 238.00 258.00 NOTE
r-devel-windows-x86_64-new-TK 0.1.2 NOTE
r-devel-windows-x86_64-old 0.1.2 33.00 176.00 209.00 NOTE
r-patched-linux-x86_64 0.1.2 22.50 184.41 206.91 NOTE
r-release-linux-x86_64 0.1.2 18.40 190.71 209.11 NOTE
r-release-macos-arm64 0.1.2 NOTE
r-release-macos-x86_64 0.1.2 NOTE
r-release-windows-ix86+x86_64 0.1.2 56.00 227.00 283.00 NOTE
r-oldrel-macos-x86_64 0.1.2 OK
r-oldrel-windows-ix86+x86_64 0.1.2 59.00 224.00 283.00 OK

Check Details

Version: 0.1.2
Check: LazyData
Result: NOTE
     'LazyData' is specified without a 'data' directory
Flavors: r-devel-linux-x86_64-debian-clang, r-devel-linux-x86_64-debian-gcc, r-devel-linux-x86_64-fedora-clang, r-devel-linux-x86_64-fedora-gcc, r-devel-windows-x86_64-new-UL, r-devel-windows-x86_64-new-TK, r-devel-windows-x86_64-old, r-patched-linux-x86_64, r-release-linux-x86_64, r-release-macos-arm64, r-release-macos-x86_64, r-release-windows-ix86+x86_64