CRAN Package Check Results for Package broom.mixed

Last updated on 2021-10-23 14:57:55 CEST.

Flavor Version Tinstall Tcheck Ttotal Status Flags
r-devel-linux-x86_64-debian-clang 0.2.7 7.01 191.96 198.97 NOTE
r-devel-linux-x86_64-debian-gcc 0.2.7 6.25 158.22 164.47 NOTE
r-devel-linux-x86_64-fedora-clang 0.2.7 238.87 NOTE
r-devel-linux-x86_64-fedora-gcc 0.2.7 291.10 NOTE
r-devel-windows-x86_64 0.2.7 13.00 174.00 187.00 NOTE
r-devel-windows-x86_64-gcc10-UCRT 0.2.7 NOTE
r-patched-linux-x86_64 0.2.7 7.94 189.54 197.48 NOTE
r-patched-solaris-x86 0.2.7 205.30 NOTE
r-release-linux-x86_64 0.2.7 6.45 179.40 185.85 NOTE
r-release-macos-arm64 0.2.7 NOTE
r-release-macos-x86_64 0.2.7 NOTE
r-release-windows-ix86+x86_64 0.2.7 13.00 177.00 190.00 NOTE
r-oldrel-macos-x86_64 0.2.7 NOTE
r-oldrel-windows-ix86+x86_64 0.2.7 17.00 176.00 193.00 NOTE

Check Details

Version: 0.2.7
Check: package dependencies
Result: NOTE
    Package suggested but not available for checking: 'glmmADMB'
Flavors: r-devel-linux-x86_64-debian-clang, r-devel-linux-x86_64-debian-gcc, r-devel-linux-x86_64-fedora-clang, r-devel-linux-x86_64-fedora-gcc, r-devel-windows-x86_64, r-devel-windows-x86_64-gcc10-UCRT, r-patched-linux-x86_64, r-release-linux-x86_64, r-release-macos-x86_64, r-release-windows-ix86+x86_64, r-oldrel-macos-x86_64, r-oldrel-windows-ix86+x86_64

Version: 0.2.7
Check: package dependencies
Result: NOTE
    Packages suggested but not available for checking: 'glmmADMB', 'glmmTMB'
Flavor: r-patched-solaris-x86

Version: 0.2.7
Check: package dependencies
Result: NOTE
    Packages suggested but not available for checking: 'glmmADMB', 'R2jags'
Flavor: r-release-macos-arm64