CRAN Package Check Results for Package broom.helpers

Last updated on 2021-10-23 14:57:55 CEST.

Flavor Version Tinstall Tcheck Ttotal Status Flags
r-devel-linux-x86_64-debian-clang 1.4.0 6.39 288.42 294.81 OK
r-devel-linux-x86_64-debian-gcc 1.4.0 6.17 210.70 216.87 OK
r-devel-linux-x86_64-fedora-clang 1.4.0 379.57 OK
r-devel-linux-x86_64-fedora-gcc 1.4.0 366.71 OK
r-devel-windows-x86_64 1.4.0 13.00 365.00 378.00 OK
r-devel-windows-x86_64-gcc10-UCRT 1.4.0 OK
r-patched-linux-x86_64 1.4.0 7.18 273.91 281.09 OK
r-patched-solaris-x86 1.4.0 430.40 NOTE
r-release-linux-x86_64 1.4.0 7.94 275.68 283.62 OK
r-release-macos-arm64 1.4.0 OK
r-release-macos-x86_64 1.4.0 OK
r-release-windows-ix86+x86_64 1.4.0 13.00 295.00 308.00 OK
r-oldrel-macos-x86_64 1.4.0 OK
r-oldrel-windows-ix86+x86_64 1.4.0 18.00 371.00 389.00 OK

Check Details

Version: 1.4.0
Check: package dependencies
Result: NOTE
    Package suggested but not available for checking: ‘glmmTMB’
Flavor: r-patched-solaris-x86