CRAN Package Check Results for Package brmsmargins

Last updated on 2024-07-16 03:54:15 CEST.

Flavor Version Tinstall Tcheck Ttotal Status Flags
r-devel-linux-x86_64-debian-clang 0.2.0 118.16 256.79 374.95 NOTE
r-devel-linux-x86_64-debian-gcc 0.2.0 80.96 193.40 274.36 NOTE
r-devel-linux-x86_64-fedora-clang 0.2.0 525.64 NOTE
r-devel-linux-x86_64-fedora-gcc 0.2.0 500.64 NOTE
r-devel-windows-x86_64 0.2.0 84.00 186.00 270.00 NOTE
r-patched-linux-x86_64 0.2.0 80.49 249.94 330.43 NOTE
r-release-linux-x86_64 0.2.0 68.51 248.06 316.57 NOTE
r-release-macos-arm64 0.2.0 113.00 NOTE
r-release-macos-x86_64 0.2.0 229.00 NOTE
r-release-windows-x86_64 0.2.0 81.00 188.00 269.00 NOTE
r-oldrel-macos-arm64 0.2.0 118.00 NOTE
r-oldrel-macos-x86_64 0.2.0 193.00 NOTE
r-oldrel-windows-x86_64 0.2.0 107.00 246.00 353.00 NOTE

Check Details

Version: 0.2.0
Check: C++ specification
Result: NOTE Specified C++11: please drop specification unless essential Flavors: r-devel-linux-x86_64-debian-clang, r-devel-linux-x86_64-debian-gcc, r-devel-linux-x86_64-fedora-clang, r-devel-linux-x86_64-fedora-gcc, r-devel-windows-x86_64, r-patched-linux-x86_64, r-release-linux-x86_64, r-release-macos-arm64, r-release-macos-x86_64, r-release-windows-x86_64, r-oldrel-macos-arm64, r-oldrel-macos-x86_64, r-oldrel-windows-x86_64

Version: 0.2.0
Check: Rd files
Result: NOTE checkRd: (-1) assertall.Rd:45: Lost braces in \itemize; meant \describe ? checkRd: (-1) assertall.Rd:46: Lost braces in \itemize; meant \describe ? checkRd: (-1) assertall.Rd:47: Lost braces in \itemize; meant \describe ? checkRd: (-1) assertall.Rd:48: Lost braces in \itemize; meant \describe ? checkRd: (-1) brmsmargins.Rd:129: Lost braces in \itemize; \value handles \item{}{} directly checkRd: (-1) brmsmargins.Rd:130: Lost braces in \itemize; \value handles \item{}{} directly checkRd: (-1) brmsmargins.Rd:131: Lost braces in \itemize; \value handles \item{}{} directly checkRd: (-1) brmsmargins.Rd:132: Lost braces in \itemize; \value handles \item{}{} directly checkRd: (-1) builders.Rd:50: Lost braces in \itemize; meant \describe ? checkRd: (-1) builders.Rd:51: Lost braces in \itemize; meant \describe ? checkRd: (-1) builders.Rd:52: Lost braces in \itemize; meant \describe ? checkRd: (-1) builders.Rd:53: Lost braces in \itemize; meant \describe ? checkRd: (-1) builders.Rd:54: Lost braces in \itemize; meant \describe ? checkRd: (-1) builders.Rd:55: Lost braces in \itemize; meant \describe ? Flavors: r-devel-linux-x86_64-debian-clang, r-devel-linux-x86_64-debian-gcc, r-devel-linux-x86_64-fedora-clang, r-devel-linux-x86_64-fedora-gcc, r-devel-windows-x86_64, r-patched-linux-x86_64, r-release-linux-x86_64, r-release-macos-arm64, r-release-macos-x86_64, r-release-windows-x86_64

Version: 0.2.0
Check: Rd cross-references
Result: NOTE Found the following Rd file(s) with Rd \link{} targets missing package anchors: builders.Rd: make_standata, as_draws_df Please provide package anchors for all Rd \link{} targets not in the package itself and the base packages. Flavor: r-devel-windows-x86_64

Version: 0.2.0
Check: installed package size
Result: NOTE installed size is 5.2Mb sub-directories of 1Mb or more: doc 2.7Mb libs 2.4Mb Flavors: r-release-macos-arm64, r-release-macos-x86_64, r-oldrel-macos-arm64, r-oldrel-macos-x86_64