CRAN Package Check Results for Package brms

Last updated on 2022-09-30 04:59:05 CEST.

Flavor Version Tinstall Tcheck Ttotal Status Flags
r-devel-linux-x86_64-debian-clang 2.18.0 67.44 577.94 645.38 NOTE
r-devel-linux-x86_64-debian-gcc 2.18.0 40.48 419.99 460.47 NOTE
r-devel-linux-x86_64-fedora-clang 2.18.0 624.26 NOTE
r-devel-linux-x86_64-fedora-gcc 2.18.0 747.37 NOTE
r-devel-windows-x86_64 2.18.0 243.00 232.00 475.00 NOTE --no-examples --no-tests --no-vignettes
r-patched-linux-x86_64 2.18.0 54.83 533.05 587.88 NOTE
r-release-linux-x86_64 2.18.0 41.54 542.64 584.18 NOTE
r-release-macos-arm64 2.18.0 141.00 NOTE
r-release-macos-x86_64 2.18.0 254.00 NOTE
r-release-windows-x86_64 2.18.0 168.00 195.00 363.00 NOTE --no-examples --no-tests --no-vignettes
r-oldrel-macos-arm64 2.18.0 162.00 NOTE
r-oldrel-macos-x86_64 2.18.0 279.00 NOTE
r-oldrel-windows-ix86+x86_64 2.18.0 108.00 221.00 329.00 NOTE --no-examples --no-tests --no-vignettes

Check Details

Version: 2.18.0
Check: package dependencies
Result: NOTE
    Package suggested but not available for checking: 'cmdstanr'
Flavors: r-devel-linux-x86_64-debian-clang, r-devel-linux-x86_64-debian-gcc, r-devel-linux-x86_64-fedora-clang, r-devel-linux-x86_64-fedora-gcc, r-patched-linux-x86_64, r-release-linux-x86_64, r-release-macos-arm64, r-release-macos-x86_64, r-oldrel-macos-arm64, r-oldrel-macos-x86_64

Version: 2.18.0
Check: installed package size
Result: NOTE
     installed size is 7.8Mb
     sub-directories of 1Mb or more:
     R 3.0Mb
     doc 3.7Mb
Flavors: r-devel-linux-x86_64-fedora-clang, r-release-macos-arm64, r-release-macos-x86_64, r-oldrel-macos-arm64, r-oldrel-macos-x86_64

Version: 2.18.0
Flags: --no-examples --no-tests --no-vignettes
Check: package dependencies
Result: NOTE
    Package suggested but not available for checking: 'cmdstanr'
Flavors: r-devel-windows-x86_64, r-release-windows-x86_64, r-oldrel-windows-ix86+x86_64

Version: 2.18.0
Flags: --no-examples --no-tests --no-vignettes
Check: installed package size
Result: NOTE
     installed size is 7.7Mb
     sub-directories of 1Mb or more:
     R 3.0Mb
     doc 3.6Mb
Flavors: r-devel-windows-x86_64, r-release-windows-x86_64, r-oldrel-windows-ix86+x86_64