CRAN Package Check Results for Package brlrmr

Last updated on 2022-01-28 15:53:05 CET.

Flavor Version Tinstall Tcheck Ttotal Status Flags
r-devel-linux-x86_64-debian-clang 0.1.7 2.21 35.59 37.80 OK
r-devel-linux-x86_64-debian-gcc 0.1.7 2.10 27.75 29.85 OK
r-devel-linux-x86_64-fedora-clang 0.1.7 48.01 NOTE
r-devel-linux-x86_64-fedora-gcc 0.1.7 37.54 NOTE
r-devel-windows-x86_64-new-UL 0.1.7 20.00 53.00 73.00 OK
r-devel-windows-x86_64-new-TK 0.1.7 NOTE
r-patched-linux-x86_64 0.1.7 2.00 34.43 36.43 OK
r-release-linux-x86_64 0.1.7 2.99 34.22 37.21 OK
r-release-macos-arm64 0.1.7 NOTE
r-release-macos-x86_64 0.1.7 NOTE
r-release-windows-ix86+x86_64 0.1.7 6.00 48.00 54.00 OK
r-oldrel-macos-x86_64 0.1.7 NOTE
r-oldrel-windows-ix86+x86_64 0.1.7 6.00 43.00 49.00 OK

Check Details

Version: 0.1.7
Check: dependencies in R code
Result: NOTE
    Namespaces in Imports field not imported from:
     ‘Rcpp’ ‘profileModel’
     All declared Imports should be used.
Flavors: r-devel-linux-x86_64-fedora-clang, r-devel-linux-x86_64-fedora-gcc, r-devel-windows-x86_64-new-TK, r-release-macos-arm64, r-release-macos-x86_64, r-oldrel-macos-x86_64