CRAN Package Check Results for Package bridgedist

Last updated on 2021-10-26 15:51:05 CEST.

Flavor Version Tinstall Tcheck Ttotal Status Flags
r-devel-linux-x86_64-debian-clang 0.1.0 1.94 27.04 28.98 NOTE
r-devel-linux-x86_64-debian-gcc 0.1.0 1.40 21.25 22.65 NOTE
r-devel-linux-x86_64-fedora-clang 0.1.0 45.31 NOTE
r-devel-linux-x86_64-fedora-gcc 0.1.0 35.53 NOTE
r-devel-windows-x86_64 0.1.0 3.00 47.00 50.00 NOTE
r-devel-windows-x86_64-gcc10-UCRT 0.1.0 NOTE
r-patched-linux-x86_64 0.1.0 1.65 25.55 27.20 NOTE
r-patched-solaris-x86 0.1.0 55.80 NOTE
r-release-linux-x86_64 0.1.0 1.52 25.37 26.89 NOTE
r-release-macos-arm64 0.1.0 NOTE
r-release-macos-x86_64 0.1.0 NOTE
r-release-windows-ix86+x86_64 0.1.0 3.00 43.00 46.00 NOTE
r-oldrel-macos-x86_64 0.1.0 OK
r-oldrel-windows-ix86+x86_64 0.1.0 4.00 38.00 42.00 OK

Check Details

Version: 0.1.0
Check: LazyData
Result: NOTE
     'LazyData' is specified without a 'data' directory
Flavors: r-devel-linux-x86_64-debian-clang, r-devel-linux-x86_64-debian-gcc, r-devel-linux-x86_64-fedora-clang, r-devel-linux-x86_64-fedora-gcc, r-devel-windows-x86_64, r-devel-windows-x86_64-gcc10-UCRT, r-patched-linux-x86_64, r-patched-solaris-x86, r-release-linux-x86_64, r-release-macos-arm64, r-release-macos-x86_64, r-release-windows-ix86+x86_64