CRAN Package Check Results for Package breathtestcore

Last updated on 2021-10-17 15:48:52 CEST.

Flavor Version Tinstall Tcheck Ttotal Status Flags
r-devel-linux-x86_64-debian-clang 0.8.1 14.55 183.63 198.18 OK
r-devel-linux-x86_64-debian-gcc 0.8.1 10.61 137.51 148.12 OK
r-devel-linux-x86_64-fedora-clang 0.8.1 243.77 NOTE
r-devel-linux-x86_64-fedora-gcc 0.8.1 231.41 NOTE
r-devel-windows-x86_64 0.8.1 20.00 226.00 246.00 OK
r-devel-windows-x86_64-gcc10-UCRT 0.8.1 OK
r-patched-linux-x86_64 0.8.1 11.88 177.61 189.49 OK
r-patched-solaris-x86 0.8.1 296.00 OK
r-release-linux-x86_64 0.8.1 11.28 178.25 189.53 OK
r-release-macos-arm64 0.8.1 OK
r-release-macos-x86_64 0.8.1 OK
r-release-windows-ix86+x86_64 0.8.1 30.00 225.00 255.00 OK
r-oldrel-macos-x86_64 0.8.1 OK
r-oldrel-windows-ix86+x86_64 0.8.1 30.00 219.00 249.00 OK

Check Details

Version: 0.8.1
Check: package dependencies
Result: NOTE
    Package suggested but not available for checking: ‘breathteststan’
Flavors: r-devel-linux-x86_64-fedora-clang, r-devel-linux-x86_64-fedora-gcc

Version: 0.8.1
Check: Rd cross-references
Result: NOTE
    Undeclared package ‘generics’ in Rd xrefs
Flavor: r-devel-linux-x86_64-fedora-clang