CRAN Package Check Results for Package brclimr

Last updated on 2024-07-15 15:54:19 CEST.

Flavor Version Tinstall Tcheck Ttotal Status Flags
r-devel-linux-x86_64-debian-clang 0.2.0 1.88 31.55 33.43 OK
r-devel-linux-x86_64-debian-gcc 0.2.0 2.19 24.29 26.48 OK
r-devel-linux-x86_64-fedora-clang 0.2.0 42.32 NOTE
r-devel-linux-x86_64-fedora-gcc 0.2.0 40.96 NOTE
r-devel-windows-x86_64 0.2.0 4.00 45.00 49.00 OK
r-patched-linux-x86_64 0.2.0 2.10 29.89 31.99 OK
r-release-linux-x86_64 0.2.0 2.08 29.92 32.00 OK
r-release-macos-arm64 0.2.0 19.00 OK
r-release-macos-x86_64 0.2.0 25.00 OK
r-release-windows-x86_64 0.2.0 4.00 46.00 50.00 OK
r-oldrel-macos-arm64 0.2.0 26.00 OK
r-oldrel-macos-x86_64 0.2.0 42.00 OK
r-oldrel-windows-x86_64 0.2.0 4.00 48.00 52.00 OK

Check Details

Version: 0.2.0
Check: data for non-ASCII characters
Result: NOTE Note: found 4 marked UTF-8 strings Flavors: r-devel-linux-x86_64-fedora-clang, r-devel-linux-x86_64-fedora-gcc