CRAN Package Check Results for Package brainR

Last updated on 2022-01-27 04:05:16 CET.

Flavor Version Tinstall Tcheck Ttotal Status Flags
r-devel-linux-x86_64-debian-clang 1.6.0 8.77 78.35 87.12 NOTE
r-devel-linux-x86_64-debian-gcc 1.6.0 7.44 61.15 68.59 NOTE
r-devel-linux-x86_64-fedora-clang 1.6.0 97.07 NOTE
r-devel-linux-x86_64-fedora-gcc 1.6.0 100.12 NOTE
r-devel-windows-x86_64-new-UL 1.6.0 22.00 87.00 109.00 NOTE
r-devel-windows-x86_64-new-TK 1.6.0 NOTE
r-patched-linux-x86_64 1.6.0 9.67 67.62 77.29 NOTE
r-release-linux-x86_64 1.6.0 7.77 68.00 75.77 NOTE
r-release-macos-arm64 1.6.0 NOTE
r-release-macos-x86_64 1.6.0 NOTE
r-release-windows-ix86+x86_64 1.6.0 16.00 76.00 92.00 NOTE
r-oldrel-macos-x86_64 1.6.0 OK
r-oldrel-windows-ix86+x86_64 1.6.0 16.00 78.00 94.00 OK

Check Details

Version: 1.6.0
Check: LazyData
Result: NOTE
     'LazyData' is specified without a 'data' directory
Flavors: r-devel-linux-x86_64-debian-clang, r-devel-linux-x86_64-debian-gcc, r-devel-linux-x86_64-fedora-clang, r-devel-linux-x86_64-fedora-gcc, r-devel-windows-x86_64-new-UL, r-devel-windows-x86_64-new-TK, r-patched-linux-x86_64, r-release-linux-x86_64, r-release-macos-arm64, r-release-macos-x86_64, r-release-windows-ix86+x86_64