CRAN Package Check Results for Package boxcoxmix

Last updated on 2022-01-21 03:55:53 CET.

Flavor Version Tinstall Tcheck Ttotal Status Flags
r-devel-linux-x86_64-debian-clang 0.28 NOTE
r-devel-linux-x86_64-debian-gcc 0.28 5.12 83.05 88.17 NOTE
r-devel-linux-x86_64-fedora-clang 0.28 145.84 NOTE
r-devel-linux-x86_64-fedora-gcc 0.28 133.23 NOTE
r-devel-windows-x86_64-new-UL 0.28 41.00 155.00 196.00 NOTE
r-devel-windows-x86_64-new-TK 0.28 NOTE
r-patched-linux-x86_64 0.28 10.95 108.08 119.03 NOTE
r-release-linux-x86_64 0.28 6.35 106.09 112.44 NOTE
r-release-macos-arm64 0.28 NOTE
r-release-macos-x86_64 0.28 NOTE
r-release-windows-ix86+x86_64 0.28 16.00 136.00 152.00 NOTE
r-oldrel-macos-x86_64 0.28 OK
r-oldrel-windows-ix86+x86_64 0.28 17.00 133.00 150.00 OK

Check Details

Version: 0.28
Check: LazyData
Result: NOTE
     'LazyData' is specified without a 'data' directory
Flavors: r-devel-linux-x86_64-debian-clang, r-devel-linux-x86_64-debian-gcc, r-devel-linux-x86_64-fedora-clang, r-devel-linux-x86_64-fedora-gcc, r-devel-windows-x86_64-new-UL, r-devel-windows-x86_64-new-TK, r-patched-linux-x86_64, r-release-linux-x86_64, r-release-macos-arm64, r-release-macos-x86_64, r-release-windows-ix86+x86_64