CRAN Package Check Results for Package bootUR

Last updated on 2021-12-05 03:59:21 CET.

Flavor Version Tinstall Tcheck Ttotal Status Flags
r-devel-linux-x86_64-debian-clang 0.4.2 50.33 103.11 153.44 NOTE
r-devel-linux-x86_64-debian-gcc 0.4.2 38.55 80.34 118.89 NOTE
r-devel-linux-x86_64-fedora-clang 0.4.2 209.22 NOTE
r-devel-linux-x86_64-fedora-gcc 0.4.2 200.98 NOTE
r-devel-windows-x86_64-new-UL 0.4.2 65.00 208.00 273.00 NOTE
r-devel-windows-x86_64-new-TK 0.4.2 NOTE
r-devel-windows-x86_64-old 0.4.2 65.00 140.00 205.00 NOTE
r-patched-linux-x86_64 0.4.2 50.25 100.05 150.30 NOTE
r-release-linux-x86_64 0.4.2 43.96 101.24 145.20 NOTE
r-release-macos-arm64 0.4.2 NOTE
r-release-macos-x86_64 0.4.2 NOTE
r-release-windows-ix86+x86_64 0.4.2 117.00 193.00 310.00 NOTE
r-oldrel-macos-x86_64 0.4.2 NOTE
r-oldrel-windows-ix86+x86_64 0.4.2 122.00 201.00 323.00 NOTE

Check Details

Version: 0.4.2
Check: for GNU extensions in Makefiles
Result: NOTE
    GNU make is a SystemRequirements.
Flavors: r-devel-linux-x86_64-debian-clang, r-devel-linux-x86_64-debian-gcc, r-devel-linux-x86_64-fedora-clang, r-devel-linux-x86_64-fedora-gcc, r-devel-windows-x86_64-new-UL, r-devel-windows-x86_64-new-TK, r-devel-windows-x86_64-old, r-patched-linux-x86_64, r-release-linux-x86_64, r-release-macos-arm64, r-release-macos-x86_64, r-release-windows-ix86+x86_64, r-oldrel-macos-x86_64, r-oldrel-windows-ix86+x86_64

Version: 0.4.2
Check: installed package size
Result: NOTE
     installed size is 6.3Mb
     sub-directories of 1Mb or more:
     libs 5.9Mb
Flavors: r-release-macos-arm64, r-release-macos-x86_64, r-oldrel-macos-x86_64