CRAN Package Check Results for Package bootGOF

Last updated on 2024-07-18 15:48:56 CEST.

Flavor Version Tinstall Tcheck Ttotal Status Flags
r-devel-linux-x86_64-debian-clang 0.1.0 12.61 46.71 59.32 OK
r-devel-linux-x86_64-debian-gcc 0.1.0 9.90 34.95 44.85 OK
r-devel-linux-x86_64-fedora-clang 0.1.0 80.58 NOTE
r-devel-linux-x86_64-fedora-gcc 0.1.0 87.50 NOTE
r-devel-windows-x86_64 0.1.0 9.00 58.00 67.00 OK
r-patched-linux-x86_64 0.1.0 9.70 45.28 54.98 OK
r-release-linux-x86_64 0.1.0 13.71 44.76 58.47 OK
r-release-macos-arm64 0.1.0 33.00 OK
r-release-macos-x86_64 0.1.0 47.00 OK
r-release-windows-x86_64 0.1.0 11.00 58.00 69.00 OK
r-oldrel-macos-arm64 0.1.0 34.00 OK
r-oldrel-macos-x86_64 0.1.0 52.00 OK
r-oldrel-windows-x86_64 0.1.0 10.00 62.00 72.00 OK

Check Details

Version: 0.1.0
Check: dependencies in R code
Result: NOTE Namespace in Imports field not imported from: ‘R6’ All declared Imports should be used. Flavors: r-devel-linux-x86_64-fedora-clang, r-devel-linux-x86_64-fedora-gcc