CRAN Package Check Results for Package bookdown

Last updated on 2024-06-13 15:48:15 CEST.

Flavor Version Tinstall Tcheck Ttotal Status Flags
r-devel-linux-x86_64-debian-clang 0.39 6.20 65.82 72.02 OK
r-devel-linux-x86_64-debian-gcc 0.39 5.31 38.12 43.43 ERROR
r-devel-linux-x86_64-fedora-clang 0.39 89.88 OK
r-devel-linux-x86_64-fedora-gcc 0.39 96.08 OK
r-devel-windows-x86_64 0.39 7.00 73.00 80.00 OK
r-patched-linux-x86_64 0.39 10.53 62.79 73.32 OK
r-release-linux-x86_64 0.39 7.86 61.25 69.11 OK
r-release-macos-arm64 0.39 56.00 OK
r-release-macos-x86_64 0.39 62.00 OK
r-release-windows-x86_64 0.39 8.00 73.00 81.00 OK
r-oldrel-macos-arm64 0.39 46.00 OK
r-oldrel-macos-x86_64 0.39 74.00 OK
r-oldrel-windows-x86_64 0.39 9.00 78.00 87.00 OK

Check Details

Version: 0.39
Check: package dependencies
Result: NOTE Packages suggested but not available for checking: 'downlit', 'tibble', 'testthat' Flavor: r-devel-linux-x86_64-debian-gcc

Version: 0.39
Check: tests
Result: ERROR Running ‘test-all.R’ [1s/1s] Running ‘test-rmd.R’ [0s/1s] Running ‘testthat.R’ [0s/1s] Running the tests in ‘tests/testthat.R’ failed. Complete output: > library(testthat) Error in library(testthat) : there is no package called 'testthat' Execution halted Flavor: r-devel-linux-x86_64-debian-gcc