CRAN Package Check Results for Package bolasso

Last updated on 2024-06-14 03:57:12 CEST.

Flavor Version Tinstall Tcheck Ttotal Status Flags
r-devel-linux-x86_64-debian-clang 0.2.0 7.94 84.40 92.34 OK
r-devel-linux-x86_64-debian-gcc 0.2.0 0.24 1.60 1.84 ERROR
r-devel-linux-x86_64-fedora-clang 0.2.0 114.16 OK
r-devel-linux-x86_64-fedora-gcc 0.2.0 110.26 OK
r-devel-windows-x86_64 0.2.0 6.00 76.00 82.00 OK
r-patched-linux-x86_64 0.2.0 10.86 81.15 92.01 OK
r-release-linux-x86_64 0.2.0 6.55 81.68 88.23 OK
r-release-macos-arm64 0.2.0 34.00 OK
r-release-macos-x86_64 0.2.0 53.00 OK
r-release-windows-x86_64 0.2.0 8.00 77.00 85.00 OK
r-oldrel-macos-arm64 0.2.0 37.00 OK
r-oldrel-macos-x86_64 0.2.0 62.00 OK
r-oldrel-windows-x86_64 0.2.0 9.00 95.00 104.00 OK

Check Details

Version: 0.2.0
Check: package dependencies
Result: ERROR Packages required but not available: 'ggplot2', 'tibble' Package suggested but not available for checking: ‘testthat’ See section ‘The DESCRIPTION file’ in the ‘Writing R Extensions’ manual. Flavor: r-devel-linux-x86_64-debian-gcc