CRAN Package Check Results for Package bodenmiller

Last updated on 2021-10-17 03:51:57 CEST.

Flavor Version Tinstall Tcheck Ttotal Status Flags
r-devel-linux-x86_64-debian-clang 0.1.1 9.14 40.46 49.60 OK
r-devel-linux-x86_64-debian-gcc 0.1.1 8.13 31.90 40.03 OK
r-devel-linux-x86_64-fedora-clang 0.1.1 68.68 NOTE
r-devel-linux-x86_64-fedora-gcc 0.1.1 58.20 OK
r-devel-windows-x86_64 0.1.1 14.00 62.00 76.00 NOTE
r-devel-windows-x86_64-gcc10-UCRT 0.1.1 OK
r-patched-linux-x86_64 0.1.1 8.07 38.45 46.52 OK
r-patched-solaris-x86 0.1.1 86.70 NOTE
r-release-linux-x86_64 0.1.1 8.23 37.98 46.21 OK
r-release-macos-arm64 0.1.1 NOTE
r-release-macos-x86_64 0.1.1 NOTE
r-release-windows-ix86+x86_64 0.1.1 12.00 61.00 73.00 NOTE
r-oldrel-macos-x86_64 0.1.1 NOTE
r-oldrel-windows-ix86+x86_64 0.1.1 15.00 58.00 73.00 NOTE

Check Details

Version: 0.1.1
Check: installed package size
Result: NOTE
     installed size is 7.2Mb
     sub-directories of 1Mb or more:
     data 7.0Mb
Flavors: r-devel-linux-x86_64-fedora-clang, r-devel-windows-x86_64, r-patched-solaris-x86, r-release-macos-arm64, r-release-macos-x86_64, r-release-windows-ix86+x86_64, r-oldrel-macos-x86_64, r-oldrel-windows-ix86+x86_64