CRAN Package Check Results for Package bnviewer

Last updated on 2022-01-19 04:48:18 CET.

Flavor Version Tinstall Tcheck Ttotal Status Flags
r-devel-linux-x86_64-debian-clang 0.1.6 3.90 52.57 56.47 NOTE
r-devel-linux-x86_64-debian-gcc 0.1.6 3.31 43.81 47.12 NOTE
r-devel-linux-x86_64-fedora-clang 0.1.6 68.90 NOTE
r-devel-linux-x86_64-fedora-gcc 0.1.6 57.92 NOTE
r-devel-windows-x86_64-new-UL 0.1.6 23.00 74.00 97.00 NOTE
r-devel-windows-x86_64-new-TK 0.1.6 NOTE
r-patched-linux-x86_64 0.1.6 3.70 51.17 54.87 NOTE
r-release-linux-x86_64 0.1.6 NOTE
r-release-macos-arm64 0.1.6 NOTE
r-release-macos-x86_64 0.1.6 NOTE
r-release-windows-ix86+x86_64 0.1.6 9.00 64.00 73.00 NOTE
r-oldrel-macos-x86_64 0.1.6 NOTE
r-oldrel-windows-ix86+x86_64 0.1.6 9.00 65.00 74.00 OK

Check Details

Version: 0.1.6
Check: LazyData
Result: NOTE
     'LazyData' is specified without a 'data' directory
Flavors: r-devel-linux-x86_64-debian-clang, r-devel-linux-x86_64-debian-gcc, r-devel-linux-x86_64-fedora-clang, r-devel-linux-x86_64-fedora-gcc, r-devel-windows-x86_64-new-UL, r-devel-windows-x86_64-new-TK, r-patched-linux-x86_64, r-release-linux-x86_64, r-release-macos-arm64, r-release-macos-x86_64, r-release-windows-ix86+x86_64

Version: 0.1.6
Check: dependencies in R code
Result: NOTE
    Namespaces in Imports field not imported from:
     ‘caret’ ‘e1071’
     All declared Imports should be used.
Flavors: r-devel-linux-x86_64-fedora-clang, r-devel-linux-x86_64-fedora-gcc, r-devel-windows-x86_64-new-TK, r-release-macos-arm64, r-release-macos-x86_64, r-oldrel-macos-x86_64