CRAN Package Check Results for Package bnormnlr

Last updated on 2022-01-27 15:53:28 CET.

Flavor Version Tinstall Tcheck Ttotal Status Flags
r-devel-linux-x86_64-debian-clang 1.0 2.16 75.44 77.60 NOTE
r-devel-linux-x86_64-debian-gcc 1.0 1.82 54.50 56.32 NOTE
r-devel-linux-x86_64-fedora-clang 1.0 94.34 NOTE
r-devel-linux-x86_64-fedora-gcc 1.0 81.06 NOTE
r-devel-windows-x86_64-new-UL 1.0 13.00 94.00 107.00 NOTE
r-devel-windows-x86_64-new-TK 1.0 ERROR
r-patched-linux-x86_64 1.0 1.80 70.37 72.17 NOTE
r-release-linux-x86_64 1.0 2.04 69.78 71.82 NOTE
r-release-macos-arm64 1.0 NOTE
r-release-macos-x86_64 1.0 NOTE
r-release-windows-ix86+x86_64 1.0 5.00 89.00 94.00 NOTE
r-oldrel-macos-x86_64 1.0 NOTE
r-oldrel-windows-ix86+x86_64 1.0 5.00 84.00 89.00 NOTE

Check Details

Version: 1.0
Check: R code for possible problems
Result: NOTE
    bnlr: no visible global function definition for 'dnorm'
    bnlr: no visible global function definition for 'runif'
    chainsum : <anonymous>: no visible global function definition for
     'quantile'
    infocrit: no visible global function definition for 'dnorm'
    Undefined global functions or variables:
     dnorm quantile runif
    Consider adding
     importFrom("stats", "dnorm", "quantile", "runif")
    to your NAMESPACE file.
Flavors: r-devel-linux-x86_64-debian-clang, r-devel-linux-x86_64-debian-gcc, r-devel-linux-x86_64-fedora-clang, r-devel-linux-x86_64-fedora-gcc, r-devel-windows-x86_64-new-UL, r-devel-windows-x86_64-new-TK, r-patched-linux-x86_64, r-release-linux-x86_64, r-release-macos-arm64, r-release-macos-x86_64, r-release-windows-ix86+x86_64, r-oldrel-macos-x86_64, r-oldrel-windows-ix86+x86_64

Version: 1.0
Check: package dependencies
Result: NOTE
    Package suggested but not available for checking: 'car'
Flavor: r-devel-windows-x86_64-new-TK

Version: 1.0
Check: examples
Result: ERROR
    Running examples in 'bnormnlr-Ex.R' failed
    The error most likely occurred in:
    
    > ### Name: bnlr
    > ### Title: Bayesian Estimation for Normal Heteroscedastic Nonlinear
    > ### Regression Models.
    > ### Aliases: bnlr
    >
    > ### ** Examples
    >
    >
    > ######################################################
    > ###Simulation of heteroscedastic model, using gradient
    > ######################################################
    > library(car)
    Error in library(car) : there is no package called 'car'
    Execution halted
Flavor: r-devel-windows-x86_64-new-TK