CRAN Package Check Results for Package bmem

Last updated on 2022-01-23 15:49:01 CET.

Flavor Version Tinstall Tcheck Ttotal Status Flags
r-devel-linux-x86_64-debian-clang 1.8 11.50 108.54 120.04 OK
r-devel-linux-x86_64-debian-gcc 1.8 11.32 95.37 106.69 OK
r-devel-linux-x86_64-fedora-clang 1.8 151.71 OK
r-devel-linux-x86_64-fedora-gcc 1.8 142.87 OK
r-devel-windows-x86_64-new-UL 1.8 37.00 129.00 166.00 OK
r-devel-windows-x86_64-new-TK 1.8 ERROR
r-patched-linux-x86_64 1.8 18.93 103.94 122.87 OK
r-release-linux-x86_64 1.8 14.14 104.70 118.84 OK
r-release-macos-arm64 1.8 OK
r-release-macos-x86_64 1.8 OK
r-release-windows-ix86+x86_64 1.8 27.00 119.00 146.00 OK
r-oldrel-macos-x86_64 1.8 OK
r-oldrel-windows-ix86+x86_64 1.8 27.00 116.00 143.00 OK

Check Details

Version: 1.8
Check: package dependencies
Result: ERROR
    Package required but not available: 'sem'
    
    See section 'The DESCRIPTION file' in the 'Writing R Extensions'
    manual.
Flavor: r-devel-windows-x86_64-new-TK